{"id":1051,"date":"2021-03-14T14:48:34","date_gmt":"2021-03-14T14:48:34","guid":{"rendered":"https:\/\/rotinaspiscinas.pt\/?post_type=product&#038;p=1051"},"modified":"2021-03-14T14:48:35","modified_gmt":"2021-03-14T14:48:35","slug":"sauna-alaska-m","status":"publish","type":"product","link":"https:\/\/rotinaspiscinas.pt\/index.php\/product\/sauna-alaska-m\/","title":{"rendered":"Sauna ALASKA M"},"content":{"rendered":"<ul>\n<li>Interior em design Prestige<\/li>\n<li>Estrado de madeira para o ch\u00e3o<\/li>\n<li>Porta em madeira, com janela ou frente totalmente em vidro<\/li>\n<li>Interior em madeira de T\u00edlia<\/li>\n<li>Bancos de 62cm largura<\/li>\n<li>Pe\u00e7a para cabe\u00e7a ajust\u00e1vel<\/li>\n<li>Encostos de cabe\u00e7a<\/li>\n<li>Apoio de costas<\/li>\n<li>Uma porta de ventila\u00e7\u00e3o<\/li>\n<li>Painel de bancada intermedi\u00e1rio<\/li>\n<li>Prote\u00e7\u00e3o de seguran\u00e7a do aquecedor<\/li>\n<li>Candeeiro com prote\u00e7\u00e3o (n\u00e3o inclui l\u00e2mpada)<\/li>\n<\/ul>\n","protected":false},"excerpt":{"rendered":"<p>Interior em design Prestige Estrado de madeira para o ch\u00e3o [&hellip;]<\/p>\n","protected":false},"featured_media":1055,"template":"","meta":[],"_links":{"self":[{"href":"https:\/\/rotinaspiscinas.pt\/index.php\/wp-json\/wp\/v2\/product\/1051"}],"collection":[{"href":"https:\/\/rotinaspiscinas.pt\/index.php\/wp-json\/wp\/v2\/product"}],"about":[{"href":"https:\/\/rotinaspiscinas.pt\/index.php\/wp-json\/wp\/v2\/types\/product"}],"wp:featuredmedia":[{"embeddable":true,"href":"https:\/\/rotinaspiscinas.pt\/index.php\/wp-json\/wp\/v2\/media\/1055"}],"wp:attachment":[{"href":"https:\/\/rotinaspiscinas.pt\/index.php\/wp-json\/wp\/v2\/media?parent=1051"}],"curies":[{"name":"wp","href":"https:\/\/api.w.org\/{rel}","templated":true}]}}