{"id":1061,"date":"2021-03-14T14:51:31","date_gmt":"2021-03-14T14:51:31","guid":{"rendered":"https:\/\/rotinaspiscinas.pt\/?post_type=product&#038;p=1061"},"modified":"2021-03-14T14:51:32","modified_gmt":"2021-03-14T14:51:32","slug":"sauna-solide","status":"publish","type":"product","link":"https:\/\/rotinaspiscinas.pt\/index.php\/product\/sauna-solide\/","title":{"rendered":"Sauna SOLIDE"},"content":{"rendered":"<p>A sauna Solide combina um design de sauna tradicional com um design moderno e atual. O contraste da cor clara e escura enquadra-se perfeitamente nas casas de linha contempor\u00e2nea. A frente de vidro permite claridade e abertura para o exterior e o seu interior moderno e minimalista assume o protagonismo que lhe \u00e9 devido.<\/p>\n<ul>\n<li>Constru\u00edda em pain\u00e9is de Abeto<\/li>\n<li>Pilares exteriores em madeira termo tratada<\/li>\n<li>Sauna de instala\u00e7\u00e3o no interior<\/li>\n<li>Frente em vidro c\/ dobradi\u00e7as e ferragens em a\u00e7o inoxid\u00e1vel<\/li>\n<li>2 candeeiros de canto linha Solide (n\u00e3o inclui l\u00e2mpada)<\/li>\n<li>Parede de pedra inclu\u00edda<\/li>\n<li>2 bancos frente a frente para maior conv\u00edvio<\/li>\n<li>Produzida na Finl\u00e2ndia<\/li>\n<\/ul>\n","protected":false},"excerpt":{"rendered":"<p>A sauna Solide combina um design de sauna tradicional com [&hellip;]<\/p>\n","protected":false},"featured_media":1064,"template":"","meta":[],"_links":{"self":[{"href":"https:\/\/rotinaspiscinas.pt\/index.php\/wp-json\/wp\/v2\/product\/1061"}],"collection":[{"href":"https:\/\/rotinaspiscinas.pt\/index.php\/wp-json\/wp\/v2\/product"}],"about":[{"href":"https:\/\/rotinaspiscinas.pt\/index.php\/wp-json\/wp\/v2\/types\/product"}],"wp:featuredmedia":[{"embeddable":true,"href":"https:\/\/rotinaspiscinas.pt\/index.php\/wp-json\/wp\/v2\/media\/1064"}],"wp:attachment":[{"href":"https:\/\/rotinaspiscinas.pt\/index.php\/wp-json\/wp\/v2\/media?parent=1061"}],"curies":[{"name":"wp","href":"https:\/\/api.w.org\/{rel}","templated":true}]}}