{"id":1062,"date":"2021-03-14T14:51:32","date_gmt":"2021-03-14T14:51:32","guid":{"rendered":"https:\/\/rotinaspiscinas.pt\/?post_type=product&#038;p=1062"},"modified":"2021-03-14T14:51:32","modified_gmt":"2021-03-14T14:51:32","slug":"spa-privativo-weekend-330-2l-perfeito-para-aliviar-dores-e-desconfortos-diarios","status":"publish","type":"product","link":"https:\/\/rotinaspiscinas.pt\/index.php\/product\/spa-privativo-weekend-330-2l-perfeito-para-aliviar-dores-e-desconfortos-diarios\/","title":{"rendered":"Spa privativo Weekend 330\/2L: perfeito para aliviar dores e desconfortos di\u00e1rios."},"content":{"rendered":"<p>Um pequeno modelo com 3 lugares, dois deitados e um sentado, permitem um maior conv\u00edvio na spa. De design moderno, o equipamento da WE 330 \u00e9 compar\u00e1vel com as spas de maior dimens\u00e3o da fam\u00edlia de spas.<\/p>\n<p>O bem-estar di\u00e1rio \u00e9 fundamental. Depois de um dia cansativo no trabalho, quem n\u00e3o gostaria de descontrair num spa privativo?<\/p>\n<p>O nosso produto mais recente, com as suas inova\u00e7\u00f5es entusiasmantes, est\u00e1 agora dispon\u00edvel para o seu prazer. Os dois assentos lounge, contendo 30 jatos de massagem de diferentes designs e funcionalidades, fornecem-lhe a derradeira experi\u00eancia de Spa. Deixe-se submergir nesta Banheira Quente, cuidadosamente desenhada e trabalhada para aliviar dores e desconfortos di\u00e1rios. Deixe que o sistema de ilumina\u00e7\u00e3o led subaqu\u00e1tico tenha um efeito positivo na sua alma.<\/p>\n","protected":false},"excerpt":{"rendered":"<p>Um pequeno modelo com 3 lugares, dois deitados e um [&hellip;]<\/p>\n","protected":false},"featured_media":1065,"template":"","meta":[],"_links":{"self":[{"href":"https:\/\/rotinaspiscinas.pt\/index.php\/wp-json\/wp\/v2\/product\/1062"}],"collection":[{"href":"https:\/\/rotinaspiscinas.pt\/index.php\/wp-json\/wp\/v2\/product"}],"about":[{"href":"https:\/\/rotinaspiscinas.pt\/index.php\/wp-json\/wp\/v2\/types\/product"}],"wp:featuredmedia":[{"embeddable":true,"href":"https:\/\/rotinaspiscinas.pt\/index.php\/wp-json\/wp\/v2\/media\/1065"}],"wp:attachment":[{"href":"https:\/\/rotinaspiscinas.pt\/index.php\/wp-json\/wp\/v2\/media?parent=1062"}],"curies":[{"name":"wp","href":"https:\/\/api.w.org\/{rel}","templated":true}]}}