{"id":1066,"date":"2021-03-14T14:52:00","date_gmt":"2021-03-14T14:52:00","guid":{"rendered":"https:\/\/rotinaspiscinas.pt\/?post_type=product&#038;p=1066"},"modified":"2021-03-14T14:52:01","modified_gmt":"2021-03-14T14:52:01","slug":"spa-weekend-536-l","status":"publish","type":"product","link":"https:\/\/rotinaspiscinas.pt\/index.php\/product\/spa-weekend-536-l\/","title":{"rendered":"Spa Weekend 536\/L"},"content":{"rendered":"<p>Um modelo perfeito para espa\u00e7os reduzidos mantendo um alto n\u00edvel de conforto, relaxamento e bem estar. Versatilidade vs tecnologia vs conforto, tudo em perfeita sintonia.<\/p>\n<p>F\u00e1cil controlo de todas as fun\u00e7\u00f5es, mesmo neste Spa grande! O nosso novo modelo oferece uma gama vasta de inova\u00e7\u00f5es entusiasmantes, \u00e0 medida das suas necessidades<br \/>\nindividuais.<\/p>\n<p>Os jatos para massagem da barriga da perna nos assentos lounge fornecem um relaxamento perfeito e alongamento muscular. Desfrute de uma massagem corporal completa na sua casa, com fam\u00edlia e amigos.<\/p>\n<p>Enquanto relaxa no seu Spa, os jatos de massagem ergonomicamente desenhados, localizados nos lados inferiores dos assentos, podem ajudar podem ajudar na redu\u00e7\u00e3o da celulite.<\/p>\n<p>215 x 190 x 85 cm | 5 pessoas | 36 Jatos<\/p>\n","protected":false},"excerpt":{"rendered":"<p>Um modelo perfeito para espa\u00e7os reduzidos mantendo um alto n\u00edvel [&hellip;]<\/p>\n","protected":false},"featured_media":1069,"template":"","meta":[],"_links":{"self":[{"href":"https:\/\/rotinaspiscinas.pt\/index.php\/wp-json\/wp\/v2\/product\/1066"}],"collection":[{"href":"https:\/\/rotinaspiscinas.pt\/index.php\/wp-json\/wp\/v2\/product"}],"about":[{"href":"https:\/\/rotinaspiscinas.pt\/index.php\/wp-json\/wp\/v2\/types\/product"}],"wp:featuredmedia":[{"embeddable":true,"href":"https:\/\/rotinaspiscinas.pt\/index.php\/wp-json\/wp\/v2\/media\/1069"}],"wp:attachment":[{"href":"https:\/\/rotinaspiscinas.pt\/index.php\/wp-json\/wp\/v2\/media?parent=1066"}],"curies":[{"name":"wp","href":"https:\/\/api.w.org\/{rel}","templated":true}]}}