{"id":1079,"date":"2021-03-14T14:55:36","date_gmt":"2021-03-14T14:55:36","guid":{"rendered":"https:\/\/rotinaspiscinas.pt\/?post_type=product&#038;p=1079"},"modified":"2021-03-14T14:55:37","modified_gmt":"2021-03-14T14:55:37","slug":"spa-malaga","status":"publish","type":"product","link":"https:\/\/rotinaspiscinas.pt\/index.php\/product\/spa-malaga\/","title":{"rendered":"Spa Malaga"},"content":{"rendered":"<p>Massagem relaxante e rejuvenescedora.<\/p>\n<p>A Spa Malaga com as suas fun\u00e7\u00f5es inovadoras proporciona uma massagem relaxante e rejuvenescedora. Os seus 40 jatos, atrav\u00e9s das bombas de alta presta\u00e7\u00e3o juntamente com a aromoterapia e cromoterapia s\u00e3o respons\u00e1veis por uma experi\u00eancia singular.<\/p>\n<ul>\n<li>218x218x90 cm<\/li>\n<li>6 lugares sendo 1 deitado<\/li>\n<li>40 jatos<\/li>\n<li>Tratamento UV<\/li>\n<li>Controlador Touch<\/li>\n<li>App Smartphone<\/li>\n<li>Aromaterapia<\/li>\n<\/ul>\n<p>Dispon\u00edvel em vers\u00e3o Standard<\/p>\n","protected":false},"excerpt":{"rendered":"<p>Massagem relaxante e rejuvenescedora. A Spa Malaga com as suas [&hellip;]<\/p>\n","protected":false},"featured_media":1081,"template":"","meta":[],"_links":{"self":[{"href":"https:\/\/rotinaspiscinas.pt\/index.php\/wp-json\/wp\/v2\/product\/1079"}],"collection":[{"href":"https:\/\/rotinaspiscinas.pt\/index.php\/wp-json\/wp\/v2\/product"}],"about":[{"href":"https:\/\/rotinaspiscinas.pt\/index.php\/wp-json\/wp\/v2\/types\/product"}],"wp:featuredmedia":[{"embeddable":true,"href":"https:\/\/rotinaspiscinas.pt\/index.php\/wp-json\/wp\/v2\/media\/1081"}],"wp:attachment":[{"href":"https:\/\/rotinaspiscinas.pt\/index.php\/wp-json\/wp\/v2\/media?parent=1079"}],"curies":[{"name":"wp","href":"https:\/\/api.w.org\/{rel}","templated":true}]}}