{"id":1085,"date":"2021-03-14T14:58:19","date_gmt":"2021-03-14T14:58:19","guid":{"rendered":"https:\/\/rotinaspiscinas.pt\/?post_type=product&#038;p=1085"},"modified":"2021-03-14T14:58:20","modified_gmt":"2021-03-14T14:58:20","slug":"spa-olympus","status":"publish","type":"product","link":"https:\/\/rotinaspiscinas.pt\/index.php\/product\/spa-olympus\/","title":{"rendered":"Spa Olympus"},"content":{"rendered":"<p>Para Fam\u00edlias, Amigos e Atletas!<\/p>\n<p>A Spa Olympus proporciona in\u00fameros tipos de utiliza\u00e7\u00e3o sendo ideal para reuni\u00f5es familiares ou de amigos. \u00c9 tamb\u00e9m, perfeitamente indicada, para atletas que desejem relaxar e alongar ap\u00f3s um treino localizado.<\/p>\n<p>At\u00e9 9 utilizadores, podem confortavelmente usufruir das posi\u00e7\u00f5es anat\u00f3micas de massagem.<\/p>\n<p>Estudada por terapeutas, ergonomistas e especialistas de diversas \u00e1reas de forma a conseguir alcan\u00e7ar o melhor compromisso das posi\u00e7\u00f5es de massagem, s\u00e3o tamb\u00e9m, cuidadosamente projetadas as posi\u00e7\u00f5es dos jatos e a sua performance para ir ao encontro das particularidades de cada grupo muscular (a posi\u00e7\u00e3o dos jatos pode e varia em lugares diferentes).<\/p>\n<ul>\n<li>Dimens\u00f5es : 3.54 x 2.30 x 0.98 m<\/li>\n<li>Lugares de massagem : 9 Lugares (2 Deitados)<\/li>\n<li>Peso Total \/ Vazia : 3231 kg \/ 900 kg<\/li>\n<li>Capacidade : 2331 L<\/li>\n<li>Estrutura : Inox 316 L<\/li>\n<li>Cor da cuba : Branco m\u00e1rmore<\/li>\n<li>Revestimento Exterior : Comp\u00f3sito<\/li>\n<li>Jatos de massagem : 88<\/li>\n<li>Cascata : 1<\/li>\n<li>Bombas de Massagem : 2 x 3 cv de 2 velocidades +2 x 2 cv de 1 velocidade<\/li>\n<li>Bombas de Filtra\u00e7\u00e3o : 1.2 cv<\/li>\n<li>Filtra\u00e7\u00e3o : 1 Cartucho Antibacteriano<\/li>\n<li>Tratamento de \u00c1gua : Ultra Violeta<\/li>\n<li>LED : Perimetral (20 unid)*<\/li>\n<li>Sistema de Som : Aquasoul Pro 4.1 Pop-Up<\/li>\n<li>Cobertura T\u00e9rmica : Preta com espessura de 5 a 10 cm<\/li>\n<\/ul>\n","protected":false},"excerpt":{"rendered":"<p>Para Fam\u00edlias, Amigos e Atletas! A Spa Olympus proporciona in\u00fameros [&hellip;]<\/p>\n","protected":false},"featured_media":1088,"template":"","meta":[],"_links":{"self":[{"href":"https:\/\/rotinaspiscinas.pt\/index.php\/wp-json\/wp\/v2\/product\/1085"}],"collection":[{"href":"https:\/\/rotinaspiscinas.pt\/index.php\/wp-json\/wp\/v2\/product"}],"about":[{"href":"https:\/\/rotinaspiscinas.pt\/index.php\/wp-json\/wp\/v2\/types\/product"}],"wp:featuredmedia":[{"embeddable":true,"href":"https:\/\/rotinaspiscinas.pt\/index.php\/wp-json\/wp\/v2\/media\/1088"}],"wp:attachment":[{"href":"https:\/\/rotinaspiscinas.pt\/index.php\/wp-json\/wp\/v2\/media?parent=1085"}],"curies":[{"name":"wp","href":"https:\/\/api.w.org\/{rel}","templated":true}]}}