{"id":1139,"date":"2021-03-14T15:27:21","date_gmt":"2021-03-14T15:27:21","guid":{"rendered":"https:\/\/rotinaspiscinas.pt\/?post_type=product&#038;p=1139"},"modified":"2021-03-14T15:27:21","modified_gmt":"2021-03-14T15:27:21","slug":"duche-imagine","status":"publish","type":"product","link":"https:\/\/rotinaspiscinas.pt\/index.php\/product\/duche-imagine\/","title":{"rendered":"Duche IMAGINE"},"content":{"rendered":"<p>Duche de plataforma de ch\u00e3o com jatos de \u00e1gua em arco de baixo para cima.<\/p>\n<ul>\n<li>Estrutura em madeira de Teca e acess\u00f3rios em a\u00e7o inox 316L polidos de qualidade marinha.<\/li>\n<li>Ajuste da altura do arco de \u00e1gua desde 10 cm at\u00e9 4 metros.<\/li>\n<li>Acionamento do duche por press\u00e3o sobre a plataforma. Press\u00e3o m\u00ednima de 10Kg e m\u00e1xima de 140 Kg.<\/li>\n<li>Liga\u00e7\u00e3o de \u00e1gua com acess\u00f3rio de mangueira de encaixe r\u00e1pido de \u00be\u201d<\/li>\n<li>Racor de liga\u00e7\u00e3o r\u00e1pida e pr\u00e9 filtro inclu\u00eddos.<\/li>\n<li>Tratando-se de um produto natural, recomenda-se uma manuten\u00e7\u00e3o anual com \u00f3leo de Teca.<\/li>\n<\/ul>\n","protected":false},"excerpt":{"rendered":"<p>Duche de plataforma de ch\u00e3o com jatos de \u00e1gua em [&hellip;]<\/p>\n","protected":false},"featured_media":1146,"template":"","meta":[],"_links":{"self":[{"href":"https:\/\/rotinaspiscinas.pt\/index.php\/wp-json\/wp\/v2\/product\/1139"}],"collection":[{"href":"https:\/\/rotinaspiscinas.pt\/index.php\/wp-json\/wp\/v2\/product"}],"about":[{"href":"https:\/\/rotinaspiscinas.pt\/index.php\/wp-json\/wp\/v2\/types\/product"}],"wp:featuredmedia":[{"embeddable":true,"href":"https:\/\/rotinaspiscinas.pt\/index.php\/wp-json\/wp\/v2\/media\/1146"}],"wp:attachment":[{"href":"https:\/\/rotinaspiscinas.pt\/index.php\/wp-json\/wp\/v2\/media?parent=1139"}],"curies":[{"name":"wp","href":"https:\/\/api.w.org\/{rel}","templated":true}]}}