{"id":1162,"date":"2021-03-14T15:35:43","date_gmt":"2021-03-14T15:35:43","guid":{"rendered":"https:\/\/rotinaspiscinas.pt\/?post_type=product&#038;p=1162"},"modified":"2021-03-14T15:35:44","modified_gmt":"2021-03-14T15:35:44","slug":"jato-magicstream-laminar","status":"publish","type":"product","link":"https:\/\/rotinaspiscinas.pt\/index.php\/product\/jato-magicstream-laminar\/","title":{"rendered":"Jato MAGICSTREAM Laminar"},"content":{"rendered":"<p>Cria arcos transparentes uniformes provenientes dos contornos da piscina ou da paisagem envolvente. \u00c0 noite estes jatos transl\u00facidos s\u00e3o coloridos por luzes LED de v\u00e1rias cores.<\/p>\n<ul>\n<li>\u00d8 da tubagem de alimenta\u00e7\u00e3o &#8211; 32mm<\/li>\n<li>Cada jato inclui um motor de luz LED com 10m de cabo.<\/li>\n<li>Cada 6 jatos necessitam de 1 transformador 100W, 12V.<\/li>\n<\/ul>\n","protected":false},"excerpt":{"rendered":"<p>Cria arcos transparentes uniformes provenientes dos contornos da piscina ou [&hellip;]<\/p>\n","protected":false},"featured_media":1168,"template":"","meta":[],"_links":{"self":[{"href":"https:\/\/rotinaspiscinas.pt\/index.php\/wp-json\/wp\/v2\/product\/1162"}],"collection":[{"href":"https:\/\/rotinaspiscinas.pt\/index.php\/wp-json\/wp\/v2\/product"}],"about":[{"href":"https:\/\/rotinaspiscinas.pt\/index.php\/wp-json\/wp\/v2\/types\/product"}],"wp:featuredmedia":[{"embeddable":true,"href":"https:\/\/rotinaspiscinas.pt\/index.php\/wp-json\/wp\/v2\/media\/1168"}],"wp:attachment":[{"href":"https:\/\/rotinaspiscinas.pt\/index.php\/wp-json\/wp\/v2\/media?parent=1162"}],"curies":[{"name":"wp","href":"https:\/\/api.w.org\/{rel}","templated":true}]}}