{"id":467,"date":"2021-03-12T23:20:01","date_gmt":"2021-03-12T23:20:01","guid":{"rendered":"https:\/\/rotinaspiscinas.pt\/?post_type=product&#038;p=467"},"modified":"2021-03-12T23:20:01","modified_gmt":"2021-03-12T23:20:01","slug":"produtos-quimicos-acti","status":"publish","type":"product","link":"https:\/\/rotinaspiscinas.pt\/index.php\/product\/produtos-quimicos-acti\/","title":{"rendered":"Produtos Quimicos Acti"},"content":{"rendered":"<p>Uma gama completa de todos os produtos base para tratamento e manuten\u00e7\u00e3o de piscinas e spas<\/p>\n<ul>\n<li>ACTI : Produtos correntes<\/li>\n<li>ACTI spa : Dedicado \u00e0s necessidades do spa<\/li>\n<li>ACTI HP : Cloro n\u00e3o estabilizado<\/li>\n<li>ACTI Expert :Produtos de especialidade<\/li>\n<\/ul>\n<p>&nbsp;<\/p>\n<p>As diferentes etapas do tratamento de \u00e1gua, encontram-se pelos c\u00f3digos de cores nos r\u00f3tulos:<\/p>\n<ul>\n<li>Amarelo &#8211; para o equil\u00edbrio da \u00e1gua (pH, TAC,TH,\u2026)<\/li>\n<li>Azul &#8211; para os desinfetantes e anti-algas normais.<\/li>\n<li>Verde &#8211; Para a\u00e7\u00f5es espec\u00edficas (invernador, limpeza do filtro,\u2026)<\/li>\n<li>Vermelho &#8211; para cloro n\u00e3o estabilizado (hipoclorito de c\u00e1lcio)<\/li>\n<\/ul>\n","protected":false},"excerpt":{"rendered":"<p>Uma gama completa de todos os produtos base para tratamento [&hellip;]<\/p>\n","protected":false},"featured_media":468,"template":"","meta":[],"_links":{"self":[{"href":"https:\/\/rotinaspiscinas.pt\/index.php\/wp-json\/wp\/v2\/product\/467"}],"collection":[{"href":"https:\/\/rotinaspiscinas.pt\/index.php\/wp-json\/wp\/v2\/product"}],"about":[{"href":"https:\/\/rotinaspiscinas.pt\/index.php\/wp-json\/wp\/v2\/types\/product"}],"wp:featuredmedia":[{"embeddable":true,"href":"https:\/\/rotinaspiscinas.pt\/index.php\/wp-json\/wp\/v2\/media\/468"}],"wp:attachment":[{"href":"https:\/\/rotinaspiscinas.pt\/index.php\/wp-json\/wp\/v2\/media?parent=467"}],"curies":[{"name":"wp","href":"https:\/\/api.w.org\/{rel}","templated":true}]}}