{"id":504,"date":"2021-03-13T18:40:04","date_gmt":"2021-03-13T18:40:04","guid":{"rendered":"https:\/\/rotinaspiscinas.pt\/?post_type=product&#038;p=504"},"modified":"2021-03-13T18:40:07","modified_gmt":"2021-03-13T18:40:07","slug":"desumidificador-garden-air","status":"publish","type":"product","link":"https:\/\/rotinaspiscinas.pt\/index.php\/product\/desumidificador-garden-air\/","title":{"rendered":"Desumidificador Garden Air"},"content":{"rendered":"<p><strong>O 1\u00ba Desumidificador Full-Inverter<\/strong><br \/>\nIdeal para a desumidifica\u00e7\u00e3o autom\u00e1tica de piscinas interiores e de espa\u00e7os wellness<\/p>\n<p>Para preservar a humidade do espa\u00e7o da sua piscina interior, poder\u00e1 contar com o novo desumidificador Garden Air Full Inverter:<\/p>\n<ul>\n<li>O 1\u00ba Desumidificador Full-Inverter<\/li>\n<li>10 vezes mais silencioso de que um desumidificador tradicional ou frigorifico<\/li>\n<li>&#8211; 50% de consumo de energia do que um desumidificador tradicional<\/li>\n<li>Combina\u00e7\u00e3o perfeita entre o Metal e o Alum\u00ednio<\/li>\n<li>Refrigera\u00e7\u00e3o R32 Amiga do Ambiente<\/li>\n<\/ul>\n","protected":false},"excerpt":{"rendered":"<p>O 1\u00ba Desumidificador Full-Inverter Ideal para a desumidifica\u00e7\u00e3o autom\u00e1tica de [&hellip;]<\/p>\n","protected":false},"featured_media":505,"template":"","meta":[],"_links":{"self":[{"href":"https:\/\/rotinaspiscinas.pt\/index.php\/wp-json\/wp\/v2\/product\/504"}],"collection":[{"href":"https:\/\/rotinaspiscinas.pt\/index.php\/wp-json\/wp\/v2\/product"}],"about":[{"href":"https:\/\/rotinaspiscinas.pt\/index.php\/wp-json\/wp\/v2\/types\/product"}],"wp:featuredmedia":[{"embeddable":true,"href":"https:\/\/rotinaspiscinas.pt\/index.php\/wp-json\/wp\/v2\/media\/505"}],"wp:attachment":[{"href":"https:\/\/rotinaspiscinas.pt\/index.php\/wp-json\/wp\/v2\/media?parent=504"}],"curies":[{"name":"wp","href":"https:\/\/api.w.org\/{rel}","templated":true}]}}