{"id":508,"date":"2021-03-13T19:17:54","date_gmt":"2021-03-13T19:17:54","guid":{"rendered":"https:\/\/rotinaspiscinas.pt\/?post_type=product&#038;p=508"},"modified":"2021-03-13T19:17:55","modified_gmt":"2021-03-13T19:17:55","slug":"resistencia-nano-compact","status":"publish","type":"product","link":"https:\/\/rotinaspiscinas.pt\/index.php\/product\/resistencia-nano-compact\/","title":{"rendered":"Resist\u00eancia Nano Compact"},"content":{"rendered":"<p>Solu\u00e7\u00e3o perfeita para espa\u00e7os pequenos, especialmente em instala\u00e7\u00f5es de piscinas acima do solo e spas.<\/p>\n<ul>\n<li>Compacta: 44x12x19cm &#8211; a solu\u00e7\u00e3o perfeita para espa\u00e7os limitados.<\/li>\n<li>Flex\u00edvel: pode ser instalada na horizontal ou na vertical. Caudal m\u00ednimo &#8211; 1m3\/h e m\u00e1ximo 17m3\/h.<\/li>\n<li>Pot\u00eancia: de 2 a 3kw.<\/li>\n<li>F\u00e1cil de controlar, com um petenci\u00f3metro anal\u00f3gico.<\/li>\n<li>Segura, incorpora todos os sistemas de seguran\u00e7a comuns nas resist\u00eancia el\u00e9tricas.<\/li>\n<li>Resist\u00eancia e tubo em tit\u00e2nio.<\/li>\n<li>Liga\u00e7\u00f5es de 1 1\/2\u2019\u2019 ou uni\u00f5es de 50mm.<\/li>\n<li>Alimenta\u00e7\u00e3o: 230V (9 e 13 amp.).<\/li>\n<li>Detetor de caudal incorporado.<\/li>\n<li>Cabo de alimenta\u00e7\u00e3o com ficha.<\/li>\n<\/ul>\n","protected":false},"excerpt":{"rendered":"<p>Solu\u00e7\u00e3o perfeita para espa\u00e7os pequenos, especialmente em instala\u00e7\u00f5es de piscinas [&hellip;]<\/p>\n","protected":false},"featured_media":509,"template":"","meta":[],"_links":{"self":[{"href":"https:\/\/rotinaspiscinas.pt\/index.php\/wp-json\/wp\/v2\/product\/508"}],"collection":[{"href":"https:\/\/rotinaspiscinas.pt\/index.php\/wp-json\/wp\/v2\/product"}],"about":[{"href":"https:\/\/rotinaspiscinas.pt\/index.php\/wp-json\/wp\/v2\/types\/product"}],"wp:featuredmedia":[{"embeddable":true,"href":"https:\/\/rotinaspiscinas.pt\/index.php\/wp-json\/wp\/v2\/media\/509"}],"wp:attachment":[{"href":"https:\/\/rotinaspiscinas.pt\/index.php\/wp-json\/wp\/v2\/media?parent=508"}],"curies":[{"name":"wp","href":"https:\/\/api.w.org\/{rel}","templated":true}]}}