{"id":528,"date":"2021-03-13T19:24:52","date_gmt":"2021-03-13T19:24:52","guid":{"rendered":"https:\/\/rotinaspiscinas.pt\/?post_type=product&#038;p=528"},"modified":"2021-03-13T19:24:53","modified_gmt":"2021-03-13T19:24:53","slug":"bomba-de-calor-sumheat-de-ventilacao-vertical","status":"publish","type":"product","link":"https:\/\/rotinaspiscinas.pt\/index.php\/product\/bomba-de-calor-sumheat-de-ventilacao-vertical\/","title":{"rendered":"Bomba de calor SUMHEAT de ventila\u00e7\u00e3o vertical"},"content":{"rendered":"<p>Atingir o auge de conforto e perfei\u00e7\u00e3o no aquecimento.<\/p>\n<ul>\n<li>A excel\u00eancia das bombas de calor para piscinas<\/li>\n<li>Uma \u00f3ptima performance de rendimento eco-energ\u00e9tico<\/li>\n<li>Controlo da temperatura electr\u00f3nico<\/li>\n<li>Instala\u00e7\u00e3o e manuten\u00e7\u00e3o simples, r\u00e1pida e eficaz<\/li>\n<li>Uma conce\u00e7\u00e3o de desempenho<\/li>\n<li>Ventila\u00e7\u00e3o exclusiva redutora de ru\u00eddo \u2013 DFS (Dynamic FCO System)<\/li>\n<li>Cobertura de inverno<\/li>\n<li>Prioridade ao aquecimento<\/li>\n<\/ul>\n","protected":false},"excerpt":{"rendered":"<p>Atingir o auge de conforto e perfei\u00e7\u00e3o no aquecimento. A [&hellip;]<\/p>\n","protected":false},"featured_media":530,"template":"","meta":[],"_links":{"self":[{"href":"https:\/\/rotinaspiscinas.pt\/index.php\/wp-json\/wp\/v2\/product\/528"}],"collection":[{"href":"https:\/\/rotinaspiscinas.pt\/index.php\/wp-json\/wp\/v2\/product"}],"about":[{"href":"https:\/\/rotinaspiscinas.pt\/index.php\/wp-json\/wp\/v2\/types\/product"}],"wp:featuredmedia":[{"embeddable":true,"href":"https:\/\/rotinaspiscinas.pt\/index.php\/wp-json\/wp\/v2\/media\/530"}],"wp:attachment":[{"href":"https:\/\/rotinaspiscinas.pt\/index.php\/wp-json\/wp\/v2\/media?parent=528"}],"curies":[{"name":"wp","href":"https:\/\/api.w.org\/{rel}","templated":true}]}}