{"id":544,"date":"2021-03-13T19:31:04","date_gmt":"2021-03-13T19:31:04","guid":{"rendered":"https:\/\/rotinaspiscinas.pt\/?post_type=product&#038;p=544"},"modified":"2021-03-13T19:31:04","modified_gmt":"2021-03-13T19:31:04","slug":"poolcop-genesis","status":"publish","type":"product","link":"https:\/\/rotinaspiscinas.pt\/index.php\/product\/poolcop-genesis\/","title":{"rendered":"POOLCOP GENESIS"},"content":{"rendered":"<p><strong>A sua piscina est\u00e1 \u00f3tima hoje, estar\u00e1 ainda melhor<\/strong><br \/>\n<strong>amanh\u00e3.<\/strong><\/p>\n<p>PoolCop \u201caprende\u201d a melhorar o desempenho da piscina, a reduzir o consumo e a eliminar o desperd\u00edcio. As tecnologias de ponta, as inova\u00e7\u00f5es revolucion\u00e1rias e a plataforma de nuvem de big data trazem uma nova dimens\u00e3o \u00e0s piscinas.<\/p>\n<p data-align=\"justify\">Inteligente, moderno e amigo do ambiente, o PoolCop transforma a sua piscina e a sua experi\u00eancia de nata\u00e7\u00e3o. PoolCop Genesis para todas as piscinas e compat\u00edvel para todos os caudais de filtra\u00e7\u00e3o.<\/p>\n<p data-align=\"justify\">\n<p data-align=\"justify\"><strong>Composto por:<\/strong><\/p>\n<ul>\n<li data-align=\"justify\">Quadro el\u00e9trico DDU Genesis entrada RJ45<\/li>\n<li data-align=\"justify\">C\u00e9lula em T para sondas<\/li>\n<li data-align=\"justify\">Sondas temperatura ar e \u00e1gua<\/li>\n<li data-align=\"justify\">Sonda de press\u00e3o<\/li>\n<li data-align=\"justify\">Sonda de pH+ORP vendida em separado, tem de escolher qual o tratamento, se com eletr\u00f3lise ou com cloro<\/li>\n<li data-align=\"justify\">Acesso \u00e0s diferentes fun\u00e7\u00f5es, servidor, liga\u00e7\u00e3o remota.<\/li>\n<\/ul>\n<p>&nbsp;<\/p>\n<p><strong>Op\u00e7\u00f5es de:<br \/>\n<\/strong><\/p>\n<ul>\n<li>Kits sondas regula\u00e7\u00e3o de n\u00edvel<\/li>\n<li>Extens\u00e3o 8 extra rel\u00e9s<\/li>\n<li>Sondas de n\u00edvel de produto a dosear<\/li>\n<\/ul>\n","protected":false},"excerpt":{"rendered":"<p>A sua piscina est\u00e1 \u00f3tima hoje, estar\u00e1 ainda melhor amanh\u00e3. [&hellip;]<\/p>\n","protected":false},"featured_media":547,"template":"","meta":[],"_links":{"self":[{"href":"https:\/\/rotinaspiscinas.pt\/index.php\/wp-json\/wp\/v2\/product\/544"}],"collection":[{"href":"https:\/\/rotinaspiscinas.pt\/index.php\/wp-json\/wp\/v2\/product"}],"about":[{"href":"https:\/\/rotinaspiscinas.pt\/index.php\/wp-json\/wp\/v2\/types\/product"}],"wp:featuredmedia":[{"embeddable":true,"href":"https:\/\/rotinaspiscinas.pt\/index.php\/wp-json\/wp\/v2\/media\/547"}],"wp:attachment":[{"href":"https:\/\/rotinaspiscinas.pt\/index.php\/wp-json\/wp\/v2\/media?parent=544"}],"curies":[{"name":"wp","href":"https:\/\/api.w.org\/{rel}","templated":true}]}}