{"id":552,"date":"2021-03-13T19:33:13","date_gmt":"2021-03-13T19:33:13","guid":{"rendered":"https:\/\/rotinaspiscinas.pt\/?post_type=product&#038;p=552"},"modified":"2021-03-13T19:33:13","modified_gmt":"2021-03-13T19:33:13","slug":"quadros-eletricos-gama-standard","status":"publish","type":"product","link":"https:\/\/rotinaspiscinas.pt\/index.php\/product\/quadros-eletricos-gama-standard\/","title":{"rendered":"Quadros El\u00e9tricos Gama Standard"},"content":{"rendered":"<p>Quadros estanques de IP65, resistentes aos jactos de \u00e1gua de todas as direc\u00e7\u00f5es<\/p>\n<ul>\n<li>Caixa em ABS de janela fumada com protec\u00e7\u00e3o UV.<\/li>\n<li>Fus\u00edvel em linha para protec\u00e7\u00e3o do circuito de comando.<\/li>\n<li>Transformadores de tipo classe II.<\/li>\n<li>Quadros sem diferencial com possibilidade de liga\u00e7\u00e3o mono ou trif\u00e1sica.<\/li>\n<li>Quadros com prote\u00e7\u00e3o diferencial monof\u00e1sicos &#8211; Quadros com prote\u00e7\u00e3o diferencial trif\u00e1sicos<\/li>\n<li>Dijuntores CCEI<\/li>\n<\/ul>\n","protected":false},"excerpt":{"rendered":"<p>Quadros estanques de IP65, resistentes aos jactos de \u00e1gua de [&hellip;]<\/p>\n","protected":false},"featured_media":555,"template":"","meta":[],"_links":{"self":[{"href":"https:\/\/rotinaspiscinas.pt\/index.php\/wp-json\/wp\/v2\/product\/552"}],"collection":[{"href":"https:\/\/rotinaspiscinas.pt\/index.php\/wp-json\/wp\/v2\/product"}],"about":[{"href":"https:\/\/rotinaspiscinas.pt\/index.php\/wp-json\/wp\/v2\/types\/product"}],"wp:featuredmedia":[{"embeddable":true,"href":"https:\/\/rotinaspiscinas.pt\/index.php\/wp-json\/wp\/v2\/media\/555"}],"wp:attachment":[{"href":"https:\/\/rotinaspiscinas.pt\/index.php\/wp-json\/wp\/v2\/media?parent=552"}],"curies":[{"name":"wp","href":"https:\/\/api.w.org\/{rel}","templated":true}]}}