{"id":565,"date":"2021-03-13T19:45:10","date_gmt":"2021-03-13T19:45:10","guid":{"rendered":"https:\/\/rotinaspiscinas.pt\/?post_type=product&#038;p=565"},"modified":"2021-03-13T19:45:11","modified_gmt":"2021-03-13T19:45:11","slug":"monobloco-de-filtacao-fb12-pc","status":"publish","type":"product","link":"https:\/\/rotinaspiscinas.pt\/index.php\/product\/monobloco-de-filtacao-fb12-pc\/","title":{"rendered":"Monobloco de filta\u00e7\u00e3o FB12\/PC"},"content":{"rendered":"<p>Para piscinas at\u00e9 45 m3.<br \/>\nFabricado em material ABS -PMMA (termoform\u00e1vel).<\/p>\n<p><strong>EQUIPAMENTO STANDARD<\/strong><\/p>\n<ul>\n<li>Tampa amov\u00edvel com fecho de seguran\u00e7a<\/li>\n<li>Comando para a filtra\u00e7\u00e3o e p\/ a ilumina\u00e7\u00e3o (autom\u00e1tico ou manual)<\/li>\n<li>Bomba de filtra\u00e7\u00e3o &#8211; (12m3\/h) e 0,5 kw<\/li>\n<li>Dois cartuchos de filtra\u00e7\u00e3o &#8211; 25 microns (superf\u00edcie de filtra\u00e7\u00e3o &#8211; 4,5 m2)<\/li>\n<li>Skimmer, duas entradas<\/li>\n<li>Jato direcion\u00e1vel de grande caudal<\/li>\n<li>Projetor<\/li>\n<\/ul>\n","protected":false},"excerpt":{"rendered":"<p>Para piscinas at\u00e9 45 m3. Fabricado em material ABS -PMMA [&hellip;]<\/p>\n","protected":false},"featured_media":566,"template":"","meta":[],"_links":{"self":[{"href":"https:\/\/rotinaspiscinas.pt\/index.php\/wp-json\/wp\/v2\/product\/565"}],"collection":[{"href":"https:\/\/rotinaspiscinas.pt\/index.php\/wp-json\/wp\/v2\/product"}],"about":[{"href":"https:\/\/rotinaspiscinas.pt\/index.php\/wp-json\/wp\/v2\/types\/product"}],"wp:featuredmedia":[{"embeddable":true,"href":"https:\/\/rotinaspiscinas.pt\/index.php\/wp-json\/wp\/v2\/media\/566"}],"wp:attachment":[{"href":"https:\/\/rotinaspiscinas.pt\/index.php\/wp-json\/wp\/v2\/media?parent=565"}],"curies":[{"name":"wp","href":"https:\/\/api.w.org\/{rel}","templated":true}]}}