{"id":593,"date":"2021-03-13T19:54:54","date_gmt":"2021-03-13T19:54:54","guid":{"rendered":"https:\/\/rotinaspiscinas.pt\/?post_type=product&#038;p=593"},"modified":"2021-03-13T19:54:55","modified_gmt":"2021-03-13T19:54:55","slug":"areia-e-areao","status":"publish","type":"product","link":"https:\/\/rotinaspiscinas.pt\/index.php\/product\/areia-e-areao\/","title":{"rendered":"Areia e are\u00e3o"},"content":{"rendered":"<ul>\n<li>Areia &#8211; capacidade de filtra\u00e7\u00e3o de 0,6 a 1,2 microns<\/li>\n<li>Are\u00e3o &#8211; capacidade de filtra\u00e7\u00e3o de 2 a 4 microns<\/li>\n<\/ul>\n","protected":false},"excerpt":{"rendered":"<p>Areia &#8211; capacidade de filtra\u00e7\u00e3o de 0,6 a 1,2 microns [&hellip;]<\/p>\n","protected":false},"featured_media":595,"template":"","meta":[],"_links":{"self":[{"href":"https:\/\/rotinaspiscinas.pt\/index.php\/wp-json\/wp\/v2\/product\/593"}],"collection":[{"href":"https:\/\/rotinaspiscinas.pt\/index.php\/wp-json\/wp\/v2\/product"}],"about":[{"href":"https:\/\/rotinaspiscinas.pt\/index.php\/wp-json\/wp\/v2\/types\/product"}],"wp:featuredmedia":[{"embeddable":true,"href":"https:\/\/rotinaspiscinas.pt\/index.php\/wp-json\/wp\/v2\/media\/595"}],"wp:attachment":[{"href":"https:\/\/rotinaspiscinas.pt\/index.php\/wp-json\/wp\/v2\/media?parent=593"}],"curies":[{"name":"wp","href":"https:\/\/api.w.org\/{rel}","templated":true}]}}