{"id":632,"date":"2021-03-13T20:05:43","date_gmt":"2021-03-13T20:05:43","guid":{"rendered":"https:\/\/rotinaspiscinas.pt\/?post_type=product&#038;p=632"},"modified":"2021-03-13T20:05:43","modified_gmt":"2021-03-13T20:05:43","slug":"bomba-silensor","status":"publish","type":"product","link":"https:\/\/rotinaspiscinas.pt\/index.php\/product\/bomba-silensor\/","title":{"rendered":"Bomba Silensor"},"content":{"rendered":"<p>Bomba super silenciosa para piscina<\/p>\n<ul>\n<li>Bomba com sistema de arrefecimento a \u00e1gua, que reduz o ruido e a vibra\u00e7\u00e3o em cerca de 55Db<\/li>\n<li>N\u00e3o necessita de ventila\u00e7\u00e3o &#8211; maior flexibilidade para o instalador<\/li>\n<li>Design para uma vida longa &#8211; sem corros\u00e3o<\/li>\n<li>Cesto de folhas extra grande com 4,5 litros &#8211; grandes intervalos entre limpezas<\/li>\n<li>Prote\u00e7\u00e3o por falta de \u00e1gua &#8211; corte autom\u00e1tico para proteger a bomba<\/li>\n<li>Corte t\u00e9rmico integrado &#8211; n\u00e3o \u00e9 necess\u00e1rio interruptor de seguran\u00e7a separado<\/li>\n<li>Indicado para piscinas de \u00e1gua salgada<\/li>\n<li>Dispon\u00edvel em modelos mono e trif\u00e1sicos, fluxo de at\u00e9 24 m3\/h<\/li>\n<\/ul>\n<p>&nbsp;<\/p>\n<p><strong>Aplica\u00e7\u00e3o<\/strong>:<\/p>\n<ul>\n<li>Ideal para filtra\u00e7\u00e3o de piscina e sistemas de aquecimento de piscina e spa.<\/li>\n<\/ul>\n","protected":false},"excerpt":{"rendered":"<p>Bomba super silenciosa para piscina Bomba com sistema de arrefecimento [&hellip;]<\/p>\n","protected":false},"featured_media":635,"template":"","meta":[],"_links":{"self":[{"href":"https:\/\/rotinaspiscinas.pt\/index.php\/wp-json\/wp\/v2\/product\/632"}],"collection":[{"href":"https:\/\/rotinaspiscinas.pt\/index.php\/wp-json\/wp\/v2\/product"}],"about":[{"href":"https:\/\/rotinaspiscinas.pt\/index.php\/wp-json\/wp\/v2\/types\/product"}],"wp:featuredmedia":[{"embeddable":true,"href":"https:\/\/rotinaspiscinas.pt\/index.php\/wp-json\/wp\/v2\/media\/635"}],"wp:attachment":[{"href":"https:\/\/rotinaspiscinas.pt\/index.php\/wp-json\/wp\/v2\/media?parent=632"}],"curies":[{"name":"wp","href":"https:\/\/api.w.org\/{rel}","templated":true}]}}