{"id":645,"date":"2021-03-13T20:09:33","date_gmt":"2021-03-13T20:09:33","guid":{"rendered":"https:\/\/rotinaspiscinas.pt\/?post_type=product&#038;p=645"},"modified":"2021-03-13T20:09:33","modified_gmt":"2021-03-13T20:09:33","slug":"bomba-de-circulacao-optima","status":"publish","type":"product","link":"https:\/\/rotinaspiscinas.pt\/index.php\/product\/bomba-de-circulacao-optima\/","title":{"rendered":"Bomba de circula\u00e7\u00e3o Optima"},"content":{"rendered":"<p>Robustez e durabilidade.<br \/>\nExcelente desempenho hidr\u00e1ulico.<br \/>\nPr\u00e9-filtro incorporado de grandes dimens\u00f5es.<br \/>\nExcelente rela\u00e7\u00e3o qualidade\/pre\u00e7o.<\/p>\n<ul>\n<li>Bomba auto aspirante com motor fechado e ventilado<\/li>\n<li>Componentes injetados em resina refor\u00e7ada n\u00e3o corros\u00edveis<\/li>\n<li>Tampa transparente com abertura f\u00e1cil por parafusos<\/li>\n<li>Eixo em a\u00e7o inox AISI 316<\/li>\n<li>Turbina em Noryl<\/li>\n<li>Liga\u00e7\u00f5es 1\u2019\u20191\/2 \/ 50 mm<\/li>\n<\/ul>\n","protected":false},"excerpt":{"rendered":"<p>Robustez e durabilidade. Excelente desempenho hidr\u00e1ulico. Pr\u00e9-filtro incorporado de grandes [&hellip;]<\/p>\n","protected":false},"featured_media":646,"template":"","meta":[],"_links":{"self":[{"href":"https:\/\/rotinaspiscinas.pt\/index.php\/wp-json\/wp\/v2\/product\/645"}],"collection":[{"href":"https:\/\/rotinaspiscinas.pt\/index.php\/wp-json\/wp\/v2\/product"}],"about":[{"href":"https:\/\/rotinaspiscinas.pt\/index.php\/wp-json\/wp\/v2\/types\/product"}],"wp:featuredmedia":[{"embeddable":true,"href":"https:\/\/rotinaspiscinas.pt\/index.php\/wp-json\/wp\/v2\/media\/646"}],"wp:attachment":[{"href":"https:\/\/rotinaspiscinas.pt\/index.php\/wp-json\/wp\/v2\/media?parent=645"}],"curies":[{"name":"wp","href":"https:\/\/api.w.org\/{rel}","templated":true}]}}