{"id":650,"date":"2021-03-13T20:32:42","date_gmt":"2021-03-13T20:32:42","guid":{"rendered":"https:\/\/rotinaspiscinas.pt\/?post_type=product&#038;p=650"},"modified":"2021-03-13T20:32:44","modified_gmt":"2021-03-13T20:32:44","slug":"bomba-silensor-pro-vsd","status":"publish","type":"product","link":"https:\/\/rotinaspiscinas.pt\/index.php\/product\/bomba-silensor-pro-vsd\/","title":{"rendered":"Bomba SILENSOR PRO VSD"},"content":{"rendered":"<p>Ideal para filtra\u00e7\u00e3o de piscinas, elementos aqu\u00e1ticos e sistemas de aquecimento de piscina e spa.<\/p>\n<ul>\n<li>Bluetooth ativado \u2014 Para permitir definir e controlar os ciclos de filtra\u00e7\u00e3o e velocidade a partir do seu smartphone iOS ou Android<\/li>\n<li>Capacidade de limitar o fluxo m\u00e1ximo, as velocidades de backwash e aspira\u00e7\u00e3o &#8211; Ideal para instala\u00e7\u00f5es com filtros de areia<\/li>\n<li>Muito silenciosa &#8211; Concebida com um motor \u00fanico de arrefecimento de \u00e1gua que capta o ru\u00eddo e as vibra\u00e7\u00f5es, permitindo um funcionamento bastante silencioso, reduzido a 50dBa.<\/li>\n<li>Tecnologia de ciclos de velocidade de retrolavagem &#8211; Para uma limpeza eficaz dos filtros e redu\u00e7\u00e3o da \u00e1gua desperdi\u00e7ada durante a contralavagem.<\/li>\n<li>Perda de prote\u00e7\u00e3o prim\u00e1ria \u2014 Minimiza os danos se a bomba ficar seca.<\/li>\n<li>Pr\u00e1tica \u2014 Cesto extra-grande de 4,5 litros para folhas \u2014 menos limpeza necess\u00e1ria.<\/li>\n<\/ul>\n<p>At\u00e9 70% de economia de energia comparando a uma bomba de filtra\u00e7\u00e3o standard.<br \/>\nAumenta a efici\u00eancia de uma bomba de calor at\u00e9 10%.<\/p>\n","protected":false},"excerpt":{"rendered":"<p>Ideal para filtra\u00e7\u00e3o de piscinas, elementos aqu\u00e1ticos e sistemas de [&hellip;]<\/p>\n","protected":false},"featured_media":654,"template":"","meta":[],"_links":{"self":[{"href":"https:\/\/rotinaspiscinas.pt\/index.php\/wp-json\/wp\/v2\/product\/650"}],"collection":[{"href":"https:\/\/rotinaspiscinas.pt\/index.php\/wp-json\/wp\/v2\/product"}],"about":[{"href":"https:\/\/rotinaspiscinas.pt\/index.php\/wp-json\/wp\/v2\/types\/product"}],"wp:featuredmedia":[{"embeddable":true,"href":"https:\/\/rotinaspiscinas.pt\/index.php\/wp-json\/wp\/v2\/media\/654"}],"wp:attachment":[{"href":"https:\/\/rotinaspiscinas.pt\/index.php\/wp-json\/wp\/v2\/media?parent=650"}],"curies":[{"name":"wp","href":"https:\/\/api.w.org\/{rel}","templated":true}]}}