{"id":657,"date":"2021-03-13T20:34:45","date_gmt":"2021-03-13T20:34:45","guid":{"rendered":"https:\/\/rotinaspiscinas.pt\/?post_type=product&#038;p=657"},"modified":"2021-03-13T20:34:45","modified_gmt":"2021-03-13T20:34:45","slug":"controlador-de-velocidade-e-joy","status":"publish","type":"product","link":"https:\/\/rotinaspiscinas.pt\/index.php\/product\/controlador-de-velocidade-e-joy\/","title":{"rendered":"Controlador de velocidade E-JOY"},"content":{"rendered":"<p>E-JOY &#8211; Variador de velocidade para bombas trif\u00e1sicas de piscina residencial.<\/p>\n<p>Novo variador de velocidade E-JOY pode controlar qualquer bomba trif\u00e1sica de 0,5Cv a 3Cv.<br \/>\nO variador E-Joy deve ser alimentado a monof\u00e1sico 230V e fornece varia\u00e7\u00e3o a motores trif\u00e1sicos que tem de estar ligados em 230V .<\/p>\n<p>O sistema permite a programa\u00e7\u00e3o de v\u00e1rios ciclos de filtra\u00e7\u00e3o di\u00e1rios com diferentes velocidades de funcionamento para cada ciclo. Em<br \/>\ninstala\u00e7\u00f5es com v\u00e1rias bombas \u00e9 poss\u00edvel sincronizar com outros variadores para que as bombas trabalhem todas o mesmo numero de horas mas tamb\u00e9m se pode programar para trabalhar uma de cada vez. Gra\u00e7as a um painel de simples utiliza\u00e7\u00e3o, proporciona-se a informa\u00e7\u00e3o<br \/>\nnecess\u00e1ria para obter uma instala\u00e7\u00e3o completamente operativa.<\/p>\n<ul>\n<li>Alimenta\u00e7\u00e3o 230V 1 Fase+Neutro+Terra<\/li>\n<li>Poupan\u00e7a energ\u00e9tica muito significativa ao adaptar a velocidade de trabalho aos requerimentos da instala\u00e7\u00e3o.<\/li>\n<li>Diferentes velocidades de trabalho para diferentes programa\u00e7\u00f5es.<\/li>\n<li>Prote\u00e7\u00e3o de sobrecarga do motor por consumo, por tens\u00e3o e por trabalho em seco<\/li>\n<li>Controlo de ilumina\u00e7\u00e3o da piscina<\/li>\n<li>4 entradas externas para controlo de velocidades de fora.<\/li>\n<li>2 sa\u00eddas para ativa\u00e7\u00e3o de eletr\u00f3lise ou monitoriza\u00e7\u00e3o do estado da bomba<\/li>\n<li>Registo de falhas e erros<\/li>\n<li>Contadores de horas de funcionamento<\/li>\n<li>Programa para limpeza do filtro<\/li>\n<li>Sistema de auto aprendizagem para a busca constante dos par\u00e2metros que determinam um funcionamento em seco.<\/li>\n<\/ul>\n","protected":false},"excerpt":{"rendered":"<p>E-JOY &#8211; Variador de velocidade para bombas trif\u00e1sicas de piscina [&hellip;]<\/p>\n","protected":false},"featured_media":659,"template":"","meta":[],"_links":{"self":[{"href":"https:\/\/rotinaspiscinas.pt\/index.php\/wp-json\/wp\/v2\/product\/657"}],"collection":[{"href":"https:\/\/rotinaspiscinas.pt\/index.php\/wp-json\/wp\/v2\/product"}],"about":[{"href":"https:\/\/rotinaspiscinas.pt\/index.php\/wp-json\/wp\/v2\/types\/product"}],"wp:featuredmedia":[{"embeddable":true,"href":"https:\/\/rotinaspiscinas.pt\/index.php\/wp-json\/wp\/v2\/media\/659"}],"wp:attachment":[{"href":"https:\/\/rotinaspiscinas.pt\/index.php\/wp-json\/wp\/v2\/media?parent=657"}],"curies":[{"name":"wp","href":"https:\/\/api.w.org\/{rel}","templated":true}]}}