{"id":708,"date":"2021-03-13T20:52:59","date_gmt":"2021-03-13T20:52:59","guid":{"rendered":"https:\/\/rotinaspiscinas.pt\/?post_type=product&#038;p=708"},"modified":"2021-03-13T20:52:59","modified_gmt":"2021-03-13T20:52:59","slug":"bomba-doseadora-turboxy-duo-ph-cl","status":"publish","type":"product","link":"https:\/\/rotinaspiscinas.pt\/index.php\/product\/bomba-doseadora-turboxy-duo-ph-cl\/","title":{"rendered":"Bomba doseadora TURBOXY Duo PH\/CL"},"content":{"rendered":"<p>Regula o pH e o cloro em piscinas privadas de 10 a 150m3<\/p>\n<p><strong>INOVA\u00c7\u00c3O<\/strong><\/p>\n<ul>\n<li>O PROpilot Duo regula ao mesmo tempo o pH* e o cloro ppm<br \/>\namperim\u00e9trico.<\/li>\n<li>Exibe simultaneamente o valor do pH e o valor do cloro em ppm.<\/li>\n<li>Leitura da temperatura<\/li>\n<\/ul>\n<p>&nbsp;<\/p>\n<p><strong>POLIVALENTE<\/strong><\/p>\n<ul>\n<li>Compat\u00edvel com a presen\u00e7a do agente estabilizador na \u00e1gua, de 0 a 50ppm.<\/li>\n<li>Destinado a piscinas privadas.<\/li>\n<li>Bomba perist\u00e1ltica pH integrada: 1,5l\/h at\u00e9 150m3.<\/li>\n<li>Bomba perist\u00e1ltica de cloro integrada: 3l\/h at\u00e9 150m3.<\/li>\n<\/ul>\n<p>&nbsp;<\/p>\n<p><strong>SEGURO<\/strong><\/p>\n<ul>\n<li>Alarme volum\u00e9trico alerta para o esvaziamento do bidon de<br \/>\nproduto qu\u00edmico.<\/li>\n<li>Doseamento proporcional em fun\u00e7\u00e3o do setpoint de pH e cloro<\/li>\n<\/ul>\n","protected":false},"excerpt":{"rendered":"<p>Regula o pH e o cloro em piscinas privadas de [&hellip;]<\/p>\n","protected":false},"featured_media":710,"template":"","meta":[],"_links":{"self":[{"href":"https:\/\/rotinaspiscinas.pt\/index.php\/wp-json\/wp\/v2\/product\/708"}],"collection":[{"href":"https:\/\/rotinaspiscinas.pt\/index.php\/wp-json\/wp\/v2\/product"}],"about":[{"href":"https:\/\/rotinaspiscinas.pt\/index.php\/wp-json\/wp\/v2\/types\/product"}],"wp:featuredmedia":[{"embeddable":true,"href":"https:\/\/rotinaspiscinas.pt\/index.php\/wp-json\/wp\/v2\/media\/710"}],"wp:attachment":[{"href":"https:\/\/rotinaspiscinas.pt\/index.php\/wp-json\/wp\/v2\/media?parent=708"}],"curies":[{"name":"wp","href":"https:\/\/api.w.org\/{rel}","templated":true}]}}