{"id":711,"date":"2021-03-13T20:53:18","date_gmt":"2021-03-13T20:53:18","guid":{"rendered":"https:\/\/rotinaspiscinas.pt\/?post_type=product&#038;p=711"},"modified":"2021-03-13T20:53:18","modified_gmt":"2021-03-13T20:53:18","slug":"bomba-doseadora-magnet-s10","status":"publish","type":"product","link":"https:\/\/rotinaspiscinas.pt\/index.php\/product\/bomba-doseadora-magnet-s10\/","title":{"rendered":"Bomba doseadora MAGNET S10"},"content":{"rendered":"<p>Bomba doseadora eletromagn\u00e9tica de fluxo constante ajust\u00e1vel.<\/p>\n<ul>\n<li>Regula\u00e7\u00e3o de 10 a 100% atrav\u00e9s de potenci\u00f3metro frontal.<\/li>\n<li>Pode ser comandada por um painel de controlo.<\/li>\n<li>Doseamento m\u00e1ximo de 6 lt\/h a 3 bar.<\/li>\n<li>Inclui v\u00e1lvula de inje\u00e7\u00e3o, chupador e tubos.<\/li>\n<li>Fixa\u00e7\u00f5es de parede ou de p\u00e9.<\/li>\n<li>Equipada com redutor de ru\u00eddo.<\/li>\n<\/ul>\n<p>Para piscinas at\u00e9 180m\u00b3\/ 120m\u00b3 (Interior \/ Exterior)<\/p>\n","protected":false},"excerpt":{"rendered":"<p>Bomba doseadora eletromagn\u00e9tica de fluxo constante ajust\u00e1vel. Regula\u00e7\u00e3o de 10 [&hellip;]<\/p>\n","protected":false},"featured_media":713,"template":"","meta":[],"_links":{"self":[{"href":"https:\/\/rotinaspiscinas.pt\/index.php\/wp-json\/wp\/v2\/product\/711"}],"collection":[{"href":"https:\/\/rotinaspiscinas.pt\/index.php\/wp-json\/wp\/v2\/product"}],"about":[{"href":"https:\/\/rotinaspiscinas.pt\/index.php\/wp-json\/wp\/v2\/types\/product"}],"wp:featuredmedia":[{"embeddable":true,"href":"https:\/\/rotinaspiscinas.pt\/index.php\/wp-json\/wp\/v2\/media\/713"}],"wp:attachment":[{"href":"https:\/\/rotinaspiscinas.pt\/index.php\/wp-json\/wp\/v2\/media?parent=711"}],"curies":[{"name":"wp","href":"https:\/\/api.w.org\/{rel}","templated":true}]}}