{"id":786,"date":"2021-03-13T21:22:50","date_gmt":"2021-03-13T21:22:50","guid":{"rendered":"https:\/\/rotinaspiscinas.pt\/?post_type=product&#038;p=786"},"modified":"2021-03-13T21:22:51","modified_gmt":"2021-03-13T21:22:51","slug":"bloco-solidbric-1-25-m","status":"publish","type":"product","link":"https:\/\/rotinaspiscinas.pt\/index.php\/product\/bloco-solidbric-1-25-m\/","title":{"rendered":"Bloco Solidbric 1.25 m"},"content":{"rendered":"<p>Um conceito original que associa a leveza e a maleabilidade do poliestireno \u00e0 solidez do bet\u00e3o.<\/p>\n<ol>\n<li>Altura 30 cm, ideal para fazer lan\u00e7os de escadas com revestimento<\/li>\n<li>Comprimento 1,25 m, ou seja, 100 blocos para uma 8 x 4 m<\/li>\n<li>Tra\u00e7o de recorte a &#8211; 5 cm da altura<\/li>\n<li>Tra\u00e7os verticais de recorte a cada 25 cmAcomoda\u00e7\u00e3o para a passagem dos ferros<\/li>\n<li>As mesmas acomoda\u00e7\u00f5es para tampas que os blocos Solidbric em 1 m<\/li>\n<\/ol>\n<p>&nbsp;<\/p>\n<ul>\n<li>Densidade 25 kg\/m3<\/li>\n<li>Altura 30 cm<\/li>\n<li>Cor cinzento claro<\/li>\n<li>Dimens\u00f5es: (c) 1,25m x (l) 0,25m x (a) 0,30m<\/li>\n<li>Secion\u00e1veis a cada 25 cm<\/li>\n<li>Lado interior e exterior liso<\/li>\n<li>Dimens\u00f5es do bloco em n\u00fameros redondos para facilitar a coloca\u00e7\u00e3o<\/li>\n<li>Compat\u00edvel com Solidbric 1m<\/li>\n<\/ul>\n<p>&nbsp;<\/p>\n<h3>Vantagens do Solidbric<\/h3>\n<ul>\n<li><strong>Simplicidade<\/strong><br \/>\nA montagem simples dos blocos Solidbric permite a realiza\u00e7\u00e3o das paredes da piscina sem conhecimentos particulares.<br \/>\nMaleabilidade e recorte f\u00e1ceis conferem ao bloco uma facilidade de coloca\u00e7\u00e3o incompar\u00e1vel.<\/li>\n<li><strong>Rapidez e economia<\/strong><br \/>\nA montagem dos elementos requer pouca m\u00e3o de obra.<br \/>\nAp\u00f3s a coloca\u00e7\u00e3o das armaduras, o bet\u00e3o \u00e9 colocado diretamente com uma bomba ou manualmente.<\/li>\n<li><strong>Solidez, resist\u00eancia e estabilidade<\/strong><br \/>\nO sistema de encaixe dos blocos de poliestireno por fileira dupla de espig\u00f5es e encaixes assegura uma cofragem perfeitamente est\u00e1vel e herm\u00e9tica.<br \/>\nEste material resiste ao frio e \u00e0 \u00e1gua.<br \/>\nMedidas em metros para facilitar a coloca\u00e7\u00e3o.<br \/>\nA robustez do bet\u00e3o armado \u00e9 perfeitamente adequada a paredes de piscinas e \u00e0s suas condi\u00e7\u00f5es de aplica\u00e7\u00e3o.<br \/>\nLeveza do material, baixo pre\u00e7o e coloca\u00e7\u00e3o simples s\u00e3o vantagens deste tipo de constru\u00e7\u00e3o.<br \/>\nBalneoterapia, cobertura autom\u00e1tica, nata\u00e7\u00e3o contra-corrente, liner, friso cer\u00e2mico, tudo pode ser previsto para personalizar o tanque.<\/li>\n<\/ul>\n","protected":false},"excerpt":{"rendered":"<p>Um conceito original que associa a leveza e a maleabilidade [&hellip;]<\/p>\n","protected":false},"featured_media":788,"template":"","meta":[],"_links":{"self":[{"href":"https:\/\/rotinaspiscinas.pt\/index.php\/wp-json\/wp\/v2\/product\/786"}],"collection":[{"href":"https:\/\/rotinaspiscinas.pt\/index.php\/wp-json\/wp\/v2\/product"}],"about":[{"href":"https:\/\/rotinaspiscinas.pt\/index.php\/wp-json\/wp\/v2\/types\/product"}],"wp:featuredmedia":[{"embeddable":true,"href":"https:\/\/rotinaspiscinas.pt\/index.php\/wp-json\/wp\/v2\/media\/788"}],"wp:attachment":[{"href":"https:\/\/rotinaspiscinas.pt\/index.php\/wp-json\/wp\/v2\/media?parent=786"}],"curies":[{"name":"wp","href":"https:\/\/api.w.org\/{rel}","templated":true}]}}