{"id":799,"date":"2021-03-13T21:27:14","date_gmt":"2021-03-13T21:27:14","guid":{"rendered":"https:\/\/rotinaspiscinas.pt\/?post_type=product&#038;p=799"},"modified":"2021-03-13T21:27:14","modified_gmt":"2021-03-13T21:27:14","slug":"cobertura-easy-top","status":"publish","type":"product","link":"https:\/\/rotinaspiscinas.pt\/index.php\/product\/cobertura-easy-top\/","title":{"rendered":"Cobertura Easy Top"},"content":{"rendered":"<ul>\n<li>Est\u00e9tica, Efic\u00e1cia e Qualidade<\/li>\n<li>As cores, as barras de alum\u00ednio anodizado e os sistemas de fixa\u00e7\u00e3o adaptam-se ao ambiente que envolve a sua piscina.<\/li>\n<li>Gra\u00e7as \u00e0 cinta principal, a instala\u00e7\u00e3o \u00e9 simplificada. O enrolamento \u00e9 feito com a ajuda de uma manivela (entregue com a cobertura).<\/li>\n<li>A trama 100% opaca protege a sua piscina, tanto no ver\u00e3o como no inverno, das poeiras, folhas, insectos e outras impurezas.<\/li>\n<li>A trama superblack e a qualidade dos materiais utilizados tornam-na uma cobertura de seguran\u00e7a topo de gama.<\/li>\n<li>Os materiais t\u00eam tratamento anti-UV e anti-geada sendo protegidos contra a humidade salina e o cloro.<\/li>\n<li>A cobertura tem uma fura\u00e7\u00e3o entre cada barra, para evitar as bolsas de \u00e1gua.<\/li>\n<\/ul>\n","protected":false},"excerpt":{"rendered":"<p>Est\u00e9tica, Efic\u00e1cia e Qualidade As cores, as barras de alum\u00ednio [&hellip;]<\/p>\n","protected":false},"featured_media":803,"template":"","meta":[],"_links":{"self":[{"href":"https:\/\/rotinaspiscinas.pt\/index.php\/wp-json\/wp\/v2\/product\/799"}],"collection":[{"href":"https:\/\/rotinaspiscinas.pt\/index.php\/wp-json\/wp\/v2\/product"}],"about":[{"href":"https:\/\/rotinaspiscinas.pt\/index.php\/wp-json\/wp\/v2\/types\/product"}],"wp:featuredmedia":[{"embeddable":true,"href":"https:\/\/rotinaspiscinas.pt\/index.php\/wp-json\/wp\/v2\/media\/803"}],"wp:attachment":[{"href":"https:\/\/rotinaspiscinas.pt\/index.php\/wp-json\/wp\/v2\/media?parent=799"}],"curies":[{"name":"wp","href":"https:\/\/api.w.org\/{rel}","templated":true}]}}