{"id":800,"date":"2021-03-13T21:27:15","date_gmt":"2021-03-13T21:27:15","guid":{"rendered":"https:\/\/rotinaspiscinas.pt\/?post_type=product&#038;p=800"},"modified":"2021-03-13T21:27:16","modified_gmt":"2021-03-13T21:27:16","slug":"cobertura-de-barras-standard-ibercover-pool","status":"publish","type":"product","link":"https:\/\/rotinaspiscinas.pt\/index.php\/product\/cobertura-de-barras-standard-ibercover-pool\/","title":{"rendered":"Cobertura de barras Standard IBERCOVER Pool"},"content":{"rendered":"<ul>\n<li>Cobertura de barras \u00e9 a solu\u00e7\u00e3o para garantir o encerramento da sua piscina durante o inverno, permitindo uma utiliza\u00e7\u00e3o pontual de forma mais facilitada.<\/li>\n<li>Estas coberturas est\u00e3o preparadas para uma utiliza\u00e7\u00e3o ao longo de todo o ano. Garantem uma menor evapora\u00e7\u00e3o, um melhor equil\u00edbrio t\u00e9rmico e uma \u00e1gua limpa durante mais tempo.<\/li>\n<li>As barras s\u00e3o em tubo de alum\u00ednio anodizado, cor natural, e com 50 mm de di\u00e2metro.<\/li>\n<li>S\u00e3o de utiliza\u00e7\u00e3o f\u00e1cil e aplic\u00e1veis na maioria das piscinas retangulares<\/li>\n<li>O seu enrolamento e desenrolamento pode ser feito com ajuda de uma manivela manual ou se preferir, poder\u00e1 ser feito sem qualquer esfor\u00e7o com ajuda do mecanismo ROLLTROT.<\/li>\n<li>Este modelo de cobertura \u00e9 produzida em PVC de alta densidade 610g\/m2, com protec\u00e7\u00e3o UV, acabamento em bainha e entregue com cintas brancas e manivela.<\/li>\n<li>Para piscinas com dimens\u00e3o m\u00e1xima de 11,50 x 5,50 mts .<\/li>\n<\/ul>\n","protected":false},"excerpt":{"rendered":"<p>Cobertura de barras \u00e9 a solu\u00e7\u00e3o para garantir o encerramento [&hellip;]<\/p>\n","protected":false},"featured_media":804,"template":"","meta":[],"_links":{"self":[{"href":"https:\/\/rotinaspiscinas.pt\/index.php\/wp-json\/wp\/v2\/product\/800"}],"collection":[{"href":"https:\/\/rotinaspiscinas.pt\/index.php\/wp-json\/wp\/v2\/product"}],"about":[{"href":"https:\/\/rotinaspiscinas.pt\/index.php\/wp-json\/wp\/v2\/types\/product"}],"wp:featuredmedia":[{"embeddable":true,"href":"https:\/\/rotinaspiscinas.pt\/index.php\/wp-json\/wp\/v2\/media\/804"}],"wp:attachment":[{"href":"https:\/\/rotinaspiscinas.pt\/index.php\/wp-json\/wp\/v2\/media?parent=800"}],"curies":[{"name":"wp","href":"https:\/\/api.w.org\/{rel}","templated":true}]}}