{"id":808,"date":"2021-03-13T21:29:24","date_gmt":"2021-03-13T21:29:24","guid":{"rendered":"https:\/\/rotinaspiscinas.pt\/?post_type=product&#038;p=808"},"modified":"2021-03-13T21:29:25","modified_gmt":"2021-03-13T21:29:25","slug":"cobertura-de-inverno-ibercover-pool","status":"publish","type":"product","link":"https:\/\/rotinaspiscinas.pt\/index.php\/product\/cobertura-de-inverno-ibercover-pool\/","title":{"rendered":"Cobertura de inverno IBERCOVER Pool"},"content":{"rendered":"<p><strong>Uma excelente rela\u00e7\u00e3o qualidade\/pre\u00e7o<\/strong><\/p>\n<p>Cobertura de Polietileno de alta densidade 610 g\/m2, com prote\u00e7\u00e3o UV.<br \/>\nAcabamento com bainha cosida , a zona da grelha de passagem de agua \u00e9 refor\u00e7ada com um tecido mais grosso, bem como zonas da cobertura de maior desgaste, s\u00e3o refor\u00e7adas para aumentar a capacidade de resist\u00eancia.<\/p>\n<p>Este modelo de cobertura est\u00e1 dispon\u00edvel em 7 cores diferentes, e tem inclu\u00eddo el\u00e1sticos regul\u00e1veis para fixa\u00e7\u00e3o.<\/p>\n<p>Ao escolher a sua cobertura, tenha em especial aten\u00e7\u00e3o \u00e0 fixa\u00e7\u00e3o que pretende aplicar. Dever\u00e1 escolher o tipo de fixa\u00e7\u00e3o de acordo com a zona envolvente da piscina, se pedra, madeira, relva, bem como se a mesma se encontra ao n\u00edvel do solo, ou parcialmente elevada.<\/p>\n","protected":false},"excerpt":{"rendered":"<p>Uma excelente rela\u00e7\u00e3o qualidade\/pre\u00e7o Cobertura de Polietileno de alta densidade [&hellip;]<\/p>\n","protected":false},"featured_media":810,"template":"","meta":[],"_links":{"self":[{"href":"https:\/\/rotinaspiscinas.pt\/index.php\/wp-json\/wp\/v2\/product\/808"}],"collection":[{"href":"https:\/\/rotinaspiscinas.pt\/index.php\/wp-json\/wp\/v2\/product"}],"about":[{"href":"https:\/\/rotinaspiscinas.pt\/index.php\/wp-json\/wp\/v2\/types\/product"}],"wp:featuredmedia":[{"embeddable":true,"href":"https:\/\/rotinaspiscinas.pt\/index.php\/wp-json\/wp\/v2\/media\/810"}],"wp:attachment":[{"href":"https:\/\/rotinaspiscinas.pt\/index.php\/wp-json\/wp\/v2\/media?parent=808"}],"curies":[{"name":"wp","href":"https:\/\/api.w.org\/{rel}","templated":true}]}}