{"id":811,"date":"2021-03-13T21:30:07","date_gmt":"2021-03-13T21:30:07","guid":{"rendered":"https:\/\/rotinaspiscinas.pt\/?post_type=product&#038;p=811"},"modified":"2021-03-13T21:30:07","modified_gmt":"2021-03-13T21:30:07","slug":"cobertura-de-inverno-de-rede-reforcada","status":"publish","type":"product","link":"https:\/\/rotinaspiscinas.pt\/index.php\/product\/cobertura-de-inverno-de-rede-reforcada\/","title":{"rendered":"COBERTURA DE INVERNO DE REDE REFOR\u00c7ADA"},"content":{"rendered":"<p>Todas as vantagens de uma cobertura de PVC aliadas<br \/>\na uma leveza inigual\u00e1vel.<br \/>\nUma cobertura concebida para uma instala\u00e7\u00e3o simples e r\u00e1pida.<br \/>\nO seu sistema de fixa\u00e7\u00e3o e os refor\u00e7os em PVC, protegem a cobertura<br \/>\nda abras\u00e3o provocada pela pedra da bordadura, e possibilitam a aplica\u00e7\u00e3o<br \/>\nem todas as formas de piscina, com uma grande qualidade de<br \/>\nsustenta\u00e7\u00e3o.<\/p>\n<p>Com uma resist\u00eancia particularmente forte para um peso<br \/>\nreduzido, oferece uma qualidade excecional e garantia de<br \/>\nlongevidade, tudo isto sem sacrificar o seu design.<\/p>\n<ul>\n<li>\u00a0Material: Rede em polipropileno<\/li>\n<li>Confe\u00e7\u00e3o: cosida<\/li>\n<li>Acabamento perif\u00e9rico: correia em quadriculado, com refor\u00e7os emPVC<\/li>\n<li>Tratamentos: Anti-UV, anti-fungo e anti-bact\u00e9rias<\/li>\n<li>Margem recomendada: 70 cm<\/li>\n<li>Acabamento da escada: romana ou direita<\/li>\n<li>Dimens\u00e3o m\u00e1xima da cobertura recomendada: 14,80 x 6,80 m<\/li>\n<\/ul>\n","protected":false},"excerpt":{"rendered":"<p>Todas as vantagens de uma cobertura de PVC aliadas a [&hellip;]<\/p>\n","protected":false},"featured_media":812,"template":"","meta":[],"_links":{"self":[{"href":"https:\/\/rotinaspiscinas.pt\/index.php\/wp-json\/wp\/v2\/product\/811"}],"collection":[{"href":"https:\/\/rotinaspiscinas.pt\/index.php\/wp-json\/wp\/v2\/product"}],"about":[{"href":"https:\/\/rotinaspiscinas.pt\/index.php\/wp-json\/wp\/v2\/types\/product"}],"wp:featuredmedia":[{"embeddable":true,"href":"https:\/\/rotinaspiscinas.pt\/index.php\/wp-json\/wp\/v2\/media\/812"}],"wp:attachment":[{"href":"https:\/\/rotinaspiscinas.pt\/index.php\/wp-json\/wp\/v2\/media?parent=811"}],"curies":[{"name":"wp","href":"https:\/\/api.w.org\/{rel}","templated":true}]}}