{"id":827,"date":"2021-03-13T21:35:18","date_gmt":"2021-03-13T21:35:18","guid":{"rendered":"https:\/\/rotinaspiscinas.pt\/?post_type=product&#038;p=827"},"modified":"2021-03-13T21:35:19","modified_gmt":"2021-03-13T21:35:19","slug":"modelo-immax","status":"publish","type":"product","link":"https:\/\/rotinaspiscinas.pt\/index.php\/product\/modelo-immax\/","title":{"rendered":"Modelo IMM&#8217;AX"},"content":{"rendered":"<p><strong>Seguran\u00e7a, funcionalidade, discri\u00e7\u00e3o, est\u00e9ticaIntegra-se perfeitamente na maioria das piscinas existentes ou a construir.<\/strong><\/p>\n<ul>\n<li>Conforme com a norma Seguran\u00e7a Piscinas NF P 90-308. : Solu\u00e7\u00e3o econ\u00f3mica e ecol\u00f3gica<\/li>\n<li>Evapora\u00e7\u00e3o m\u00ednima, melhor equil\u00edbrio t\u00e9rmico para uma mais longa uti liza\u00e7\u00e3o da piscina a baixo custo. Uma \u00e1gua mais limpa.<\/li>\n<li>Instala\u00e7\u00e3o r\u00e1pida e simples : A conce\u00e7\u00e3o exclusiva da IMM\u2019Ax com motor no eixo torna a instala\u00e7\u00e3o mais f\u00e1cil, evitando qualquer trabalho de alvenaria.<\/li>\n<li>Discreta &amp; est\u00e9tica : Passa despercebida debaixo do pavimento de ripas.<\/li>\n<li>Motoriza\u00e7\u00e3o desembrai\u00e1vel<\/li>\n<li>Serenidade : Depois de aberta, a seguran\u00e7a est\u00e1 garanti da.<\/li>\n<li>Qualidade de todos os pormenores : Acabamento irrepreens\u00edvel para as aletas de l\u00e2minas perfi ladas. As tampas soldadas por ultrassom(2) proporcionam estanquidade e fi abilidade.<\/li>\n<li>Equipada ou n\u00e3o com fi ns de curso : As posi\u00e7\u00f5es de fi m de curso s\u00e3o ajustadas e geridas uma vez para todas. Em 3 minutos, a persiana enrola-se ou desenrola-se.<\/li>\n<li>Conectada : Pode ser acoplada, de s\u00e9rie, ao seu sistema de tratamento de \u00e1gua para uma regula\u00e7\u00e3o \u00e0 posi\u00e7\u00e3o da persiana.<\/li>\n<li>Design &amp; pr\u00e1tica<\/li>\n<li>A caixa de comando sem fi o Abriblue (*) de s\u00e9rie em modelos com fi ns de curso.<\/li>\n<\/ul>\n<p>(*) A utiliza\u00e7\u00e3o de uma caixa de comando sem fi o pode necessitar uma antena remota.<\/p>\n","protected":false},"excerpt":{"rendered":"<p>Seguran\u00e7a, funcionalidade, discri\u00e7\u00e3o, est\u00e9ticaIntegra-se perfeitamente na maioria das piscinas existentes [&hellip;]<\/p>\n","protected":false},"featured_media":828,"template":"","meta":[],"_links":{"self":[{"href":"https:\/\/rotinaspiscinas.pt\/index.php\/wp-json\/wp\/v2\/product\/827"}],"collection":[{"href":"https:\/\/rotinaspiscinas.pt\/index.php\/wp-json\/wp\/v2\/product"}],"about":[{"href":"https:\/\/rotinaspiscinas.pt\/index.php\/wp-json\/wp\/v2\/types\/product"}],"wp:featuredmedia":[{"embeddable":true,"href":"https:\/\/rotinaspiscinas.pt\/index.php\/wp-json\/wp\/v2\/media\/828"}],"wp:attachment":[{"href":"https:\/\/rotinaspiscinas.pt\/index.php\/wp-json\/wp\/v2\/media?parent=827"}],"curies":[{"name":"wp","href":"https:\/\/api.w.org\/{rel}","templated":true}]}}