{"id":830,"date":"2021-03-13T21:37:02","date_gmt":"2021-03-13T21:37:02","guid":{"rendered":"https:\/\/rotinaspiscinas.pt\/?post_type=product&#038;p=830"},"modified":"2021-03-13T21:37:03","modified_gmt":"2021-03-13T21:37:03","slug":"modelo-zita","status":"publish","type":"product","link":"https:\/\/rotinaspiscinas.pt\/index.php\/product\/modelo-zita\/","title":{"rendered":"MODELO ZITA"},"content":{"rendered":"<p><strong>Um sistema \u00fanico no mercado ZITA \u00e9 a \u00fanica persiana do mercado CONFORME \u00e0 norma NF P 90-308, sem viga, nem estrado ou divis\u00f3ria. Discreta, efi caz e econ\u00f3mica<\/strong><\/p>\n<ul>\n<li>Est\u00e9tica :Colocada no fundo da piscina, passa despercebida.<br \/>\n\u00danica no mercado<\/li>\n<li>Gra\u00e7as ao seu sistema exclusivo patenteado IMVERSO, ZITA coloca a cobertura submersa a motor axial ao alcance de todos os or\u00e7amentos.<\/li>\n<li>Conformidade e seguran\u00e7a : Era preciso ter pensado nisso: A persiana ZITA \u00e9 concebida sem estrado, nem parede de separa\u00e7\u00e3o.No entanto, mant\u00e9m-se a 100 % em conformidade com a norma Seguran\u00e7a Piscinas NF P90-308.<\/li>\n<li>Simplesos engates de seguran\u00e7a bloqueiam-se e desbloqueiam-se manualmente.<\/li>\n<li>Integra\u00e7\u00e3oZita adapta-se \u00e0s piscinas com uma profundidade de 1,10 m, 1,20 m ou \u2264 1,50 m<\/li>\n<\/ul>\n","protected":false},"excerpt":{"rendered":"<p>Um sistema \u00fanico no mercado ZITA \u00e9 a \u00fanica persiana [&hellip;]<\/p>\n","protected":false},"featured_media":832,"template":"","meta":[],"_links":{"self":[{"href":"https:\/\/rotinaspiscinas.pt\/index.php\/wp-json\/wp\/v2\/product\/830"}],"collection":[{"href":"https:\/\/rotinaspiscinas.pt\/index.php\/wp-json\/wp\/v2\/product"}],"about":[{"href":"https:\/\/rotinaspiscinas.pt\/index.php\/wp-json\/wp\/v2\/types\/product"}],"wp:featuredmedia":[{"embeddable":true,"href":"https:\/\/rotinaspiscinas.pt\/index.php\/wp-json\/wp\/v2\/media\/832"}],"wp:attachment":[{"href":"https:\/\/rotinaspiscinas.pt\/index.php\/wp-json\/wp\/v2\/media?parent=830"}],"curies":[{"name":"wp","href":"https:\/\/api.w.org\/{rel}","templated":true}]}}