{"id":833,"date":"2021-03-13T21:38:36","date_gmt":"2021-03-13T21:38:36","guid":{"rendered":"https:\/\/rotinaspiscinas.pt\/?post_type=product&#038;p=833"},"modified":"2021-03-13T21:38:36","modified_gmt":"2021-03-13T21:38:36","slug":"modelo-diver","status":"publish","type":"product","link":"https:\/\/rotinaspiscinas.pt\/index.php\/product\/modelo-diver\/","title":{"rendered":"MODELO DIVER"},"content":{"rendered":"<p><strong>O fruto da experi\u00eancia para uma realiza\u00e7\u00e3o de excel\u00eancia.<\/strong><\/p>\n<p>DIVER \u00e9 a persiana submersa concebida pelo nosso gabinete de estudos para se adaptar especifi camente ao seu projeto.<br \/>\nDesejo est\u00e9ti co, restri\u00e7\u00e3o de implanta\u00e7\u00e3o, piscina at\u00ed pica&#8230;<br \/>\nEstudamos e concebemos o DIVER que melhor lhe corresponde<\/p>\n<ul>\n<li><strong>Em conformidade<\/strong><br \/>\nTodas as persianas Abriblue cumprem a norma Seguran\u00e7a Piscinas NF P90-308.<\/li>\n<li><strong>Solu\u00e7\u00e3o econ\u00f3mica<\/strong><br \/>\nUma evapora\u00e7\u00e3o m\u00ednima.Um melhor equil\u00edbrio t\u00e9rmico para uma mais longa uti liza\u00e7\u00e3o da piscina a baixo custo. Uma \u00e1gua mais limpa.<\/li>\n<li><strong>Manuten\u00e7\u00e3o f\u00e1cil<\/strong><br \/>\nO acesso \u00e0 mec\u00e2nica \u00e9 simples ap\u00f3s desbloqueio dos estrados da cobertura da persiana.<\/li>\n<li><strong>Est\u00e9tica<\/strong><br \/>\nColocada no fundo da piscina, pode ser equipada de um revesti mento 2 faces ou integrada na estrutura da piscina.<\/li>\n<li><strong>Motoriza\u00e7\u00e3o desembrai\u00e1vel<\/strong><\/li>\n<li>Larga escolha de confi gura\u00e7\u00f5esDuas motoriza\u00e7\u00f5es poss\u00edveis: em caixa seca ou submersa no eixo. Estudado por medida pelo nosso gabinete de estudo.<\/li>\n<li><strong>Pr\u00e1tica e design<\/strong><br \/>\nO conforto em total simplicidade com a caixa de comando sem fi o Abriblue.<\/li>\n<li><strong>Qualidade at\u00e9 ao \u00faltimo pormenor<\/strong><br \/>\nAcabamento irrepreens\u00edvel para as aletas de l\u00e2minas perfi ladas. As tampas soldadas por ultrassom proporcionam fiabilidade e qualidade.<\/li>\n<\/ul>\n","protected":false},"excerpt":{"rendered":"<p>O fruto da experi\u00eancia para uma realiza\u00e7\u00e3o de excel\u00eancia. DIVER [&hellip;]<\/p>\n","protected":false},"featured_media":836,"template":"","meta":[],"_links":{"self":[{"href":"https:\/\/rotinaspiscinas.pt\/index.php\/wp-json\/wp\/v2\/product\/833"}],"collection":[{"href":"https:\/\/rotinaspiscinas.pt\/index.php\/wp-json\/wp\/v2\/product"}],"about":[{"href":"https:\/\/rotinaspiscinas.pt\/index.php\/wp-json\/wp\/v2\/types\/product"}],"wp:featuredmedia":[{"embeddable":true,"href":"https:\/\/rotinaspiscinas.pt\/index.php\/wp-json\/wp\/v2\/media\/836"}],"wp:attachment":[{"href":"https:\/\/rotinaspiscinas.pt\/index.php\/wp-json\/wp\/v2\/media?parent=833"}],"curies":[{"name":"wp","href":"https:\/\/api.w.org\/{rel}","templated":true}]}}