{"id":835,"date":"2021-03-13T21:38:48","date_gmt":"2021-03-13T21:38:48","guid":{"rendered":"https:\/\/rotinaspiscinas.pt\/?post_type=product&#038;p=835"},"modified":"2021-03-13T21:38:48","modified_gmt":"2021-03-13T21:38:48","slug":"modelo-agora","status":"publish","type":"product","link":"https:\/\/rotinaspiscinas.pt\/index.php\/product\/modelo-agora\/","title":{"rendered":"MODELO AGORA"},"content":{"rendered":"<p><strong>A seguran\u00e7a na sua mais bela dimens\u00e3o<\/strong><\/p>\n<p>Agora: Invis\u00edvel quando a piscinaEst\u00e1 descoberta, impec\u00e1velquando a piscina est\u00e1 protegida.<\/p>\n<p>O\u00a0 banho\u00a0 acabou,\u00a0 com\u00a0 um\u00a0 simples\u00a0 gesto\u00a0 comanda\u00a0 a\u00a0 coloca\u00e7\u00e3o\u00a0 em\u00a0 seguran\u00e7a da piscina. Da mesma forma do que um teto r\u00edgido, Agora desdobra-se automaticamente sobres as margens da piscina para cobrir integralmente a piscina.<br \/>\nEsta\u00a0 particularidade\u00a0 associada\u00a0 a\u00a0 caracter\u00edsticas\u00a0 de\u00a0 resist\u00eancia\u00a0 e\u00a0 de\u00a0 rigidez\u00a0 distintas\u00a0 da\u00a0 norma,\u00a0 garante-lhe\u00a0 um\u00a0 n\u00edvel\u00a0 de\u00a0 seguran\u00e7a\u00a0 sem\u00a0 paralelo\u00a0 em\u00a0 mat\u00e9ria de cobertura.<\/p>\n<p>Vai Gostar:<\/p>\n<ul>\n<li>Seguran\u00e7a e prote\u00e7\u00e3o integral da piscina, \u00e1gua limpa, piscina totalmente protegida.<\/li>\n<li>Sistema invis\u00edvel quando a cobertura est\u00e1 aberta.<\/li>\n<li>Est\u00e9tica: design ultraplano quando a piscina est\u00e1 coberta.<\/li>\n<li>Solu\u00e7\u00e3o automatizada, desdobrando-se sem esfor\u00e7o.<\/li>\n<li>Sem trilho de deslize, preserva\u00e7\u00e3o do ambiente da piscina.<\/li>\n<li>Solidez e rigidez excecional da cobertura.<\/li>\n<li>Adapta-se a todas as formas de piscina.<\/li>\n<li>Em conformidade com a norma seguran\u00e7a piscina NF P 90-308.<\/li>\n<li>Fabrico franc\u00eas<\/li>\n<\/ul>\n<p><strong>Agora cobre todas as formas de piscinas.<\/strong><\/p>\n<p>Este conceito inovador permite cobrir todas as formas de piscina at\u00e9 7 x 16,5 m (sob reserva de estudo de implanta\u00e7\u00e3o) e fech\u00e1-la hermeticamente a qualquer intrus\u00e3o de pessoas ou objetos, inclu\u00eddo volunt\u00e1ria (for\u00e7agem da cobertura).<\/p>\n<p><strong>Totalmente automatizada. <\/strong>As manobras da persiana agora s\u00e3o automatizadas e programadas por medida.<\/p>\n","protected":false},"excerpt":{"rendered":"<p>A seguran\u00e7a na sua mais bela dimens\u00e3o Agora: Invis\u00edvel quando [&hellip;]<\/p>\n","protected":false},"featured_media":838,"template":"","meta":[],"_links":{"self":[{"href":"https:\/\/rotinaspiscinas.pt\/index.php\/wp-json\/wp\/v2\/product\/835"}],"collection":[{"href":"https:\/\/rotinaspiscinas.pt\/index.php\/wp-json\/wp\/v2\/product"}],"about":[{"href":"https:\/\/rotinaspiscinas.pt\/index.php\/wp-json\/wp\/v2\/types\/product"}],"wp:featuredmedia":[{"embeddable":true,"href":"https:\/\/rotinaspiscinas.pt\/index.php\/wp-json\/wp\/v2\/media\/838"}],"wp:attachment":[{"href":"https:\/\/rotinaspiscinas.pt\/index.php\/wp-json\/wp\/v2\/media?parent=835"}],"curies":[{"name":"wp","href":"https:\/\/api.w.org\/{rel}","templated":true}]}}