{"id":890,"date":"2021-03-13T21:57:48","date_gmt":"2021-03-13T21:57:48","guid":{"rendered":"https:\/\/rotinaspiscinas.pt\/?post_type=product&#038;p=890"},"modified":"2021-03-13T21:57:48","modified_gmt":"2021-03-13T21:57:48","slug":"projetores-superpool","status":"publish","type":"product","link":"https:\/\/rotinaspiscinas.pt\/index.php\/product\/projetores-superpool\/","title":{"rendered":"PROJETORES SUPERPOOL"},"content":{"rendered":"<ul>\n<li>Nicho pl\u00e1stico de alta resist\u00eancia &#8211; nicho inclu\u00eddo<\/li>\n<li>Classe de prote\u00e7\u00e3o IP68.<\/li>\n<li>Espelho de acabamento em a\u00e7o em ABS.<\/li>\n<li>Instala\u00e7\u00e3o de parede.<\/li>\n<li>Inclui cabo de 2,5 m.<\/li>\n<\/ul>\n","protected":false},"excerpt":{"rendered":"<p>Nicho pl\u00e1stico de alta resist\u00eancia &#8211; nicho inclu\u00eddo Classe de [&hellip;]<\/p>\n","protected":false},"featured_media":893,"template":"","meta":[],"_links":{"self":[{"href":"https:\/\/rotinaspiscinas.pt\/index.php\/wp-json\/wp\/v2\/product\/890"}],"collection":[{"href":"https:\/\/rotinaspiscinas.pt\/index.php\/wp-json\/wp\/v2\/product"}],"about":[{"href":"https:\/\/rotinaspiscinas.pt\/index.php\/wp-json\/wp\/v2\/types\/product"}],"wp:featuredmedia":[{"embeddable":true,"href":"https:\/\/rotinaspiscinas.pt\/index.php\/wp-json\/wp\/v2\/media\/893"}],"wp:attachment":[{"href":"https:\/\/rotinaspiscinas.pt\/index.php\/wp-json\/wp\/v2\/media?parent=890"}],"curies":[{"name":"wp","href":"https:\/\/api.w.org\/{rel}","templated":true}]}}