{"id":939,"date":"2021-03-14T14:12:47","date_gmt":"2021-03-14T14:12:47","guid":{"rendered":"https:\/\/rotinaspiscinas.pt\/?post_type=product&#038;p=939"},"modified":"2021-03-14T14:12:47","modified_gmt":"2021-03-14T14:12:47","slug":"barreiras-de-protecao-em-rede","status":"publish","type":"product","link":"https:\/\/rotinaspiscinas.pt\/index.php\/product\/barreiras-de-protecao-em-rede\/","title":{"rendered":"Barreiras de Prote\u00e7\u00e3o em rede"},"content":{"rendered":"<p>Barreiras amov\u00edveis em rede enrol\u00e1vel que mant\u00eam as crian\u00e7as e os animais dom\u00e9sticos afastados<br \/>\nda piscina.<\/p>\n<ul>\n<li>A rede \u00e9 fabricada num material pl\u00e1stico (verde escuro) excecionalmente forte com barras de alum\u00ednio que se fixam ao ch\u00e3o &#8211; fixa\u00e7\u00e3o ao ch\u00e3o inclu\u00edda.<\/li>\n<li>Inclui tampas para tapar os or\u00edficios do ch\u00e3o, quando a rede \u00e9 retirada.<\/li>\n<li>A rede \u00e9 fornecida em m\u00f3dulos com 1,2 m de altura, unidos c\/ jun\u00e7\u00f5es especiais e fixadores quer seja para encastrar\/embutir ou para relva\/solo.<\/li>\n<li>Quando se quer tirar a barreira, esta enrola-se em cada poste, sendo muito f\u00e1cil de arrumar.<\/li>\n<li>Estas barreiras standard s\u00e3o fornecidas com 1 poste cada 1 metro.<\/li>\n<li>A fixa\u00e7\u00e3o para relva e bet\u00e3o n\u00e3o est\u00e1 inclu\u00edda.<\/li>\n<li>A porta n\u00e3o inclui fixa\u00e7\u00f5es.<\/li>\n<\/ul>\n","protected":false},"excerpt":{"rendered":"<p>Barreiras amov\u00edveis em rede enrol\u00e1vel que mant\u00eam as crian\u00e7as e [&hellip;]<\/p>\n","protected":false},"featured_media":941,"template":"","meta":[],"_links":{"self":[{"href":"https:\/\/rotinaspiscinas.pt\/index.php\/wp-json\/wp\/v2\/product\/939"}],"collection":[{"href":"https:\/\/rotinaspiscinas.pt\/index.php\/wp-json\/wp\/v2\/product"}],"about":[{"href":"https:\/\/rotinaspiscinas.pt\/index.php\/wp-json\/wp\/v2\/types\/product"}],"wp:featuredmedia":[{"embeddable":true,"href":"https:\/\/rotinaspiscinas.pt\/index.php\/wp-json\/wp\/v2\/media\/941"}],"wp:attachment":[{"href":"https:\/\/rotinaspiscinas.pt\/index.php\/wp-json\/wp\/v2\/media?parent=939"}],"curies":[{"name":"wp","href":"https:\/\/api.w.org\/{rel}","templated":true}]}}