{"id":949,"date":"2021-03-14T14:14:38","date_gmt":"2021-03-14T14:14:38","guid":{"rendered":"https:\/\/rotinaspiscinas.pt\/?post_type=product&#038;p=949"},"modified":"2021-03-14T14:14:39","modified_gmt":"2021-03-14T14:14:39","slug":"escada-arco","status":"publish","type":"product","link":"https:\/\/rotinaspiscinas.pt\/index.php\/product\/escada-arco\/","title":{"rendered":"Escada ARCO"},"content":{"rendered":"<p>Escadas para piscina em a\u00e7o inoxid\u00e1vel polido AISI 316, \u00d8 43 mm<\/p>\n<ul>\n<li>Degraus antiderrapantes.<\/li>\n<li>Inclui batentes e \u00e2ncoras de fixa\u00e7\u00e3o<\/li>\n<\/ul>\n","protected":false},"excerpt":{"rendered":"<p>Escadas para piscina em a\u00e7o inoxid\u00e1vel polido AISI 316, \u00d8 [&hellip;]<\/p>\n","protected":false},"featured_media":951,"template":"","meta":[],"_links":{"self":[{"href":"https:\/\/rotinaspiscinas.pt\/index.php\/wp-json\/wp\/v2\/product\/949"}],"collection":[{"href":"https:\/\/rotinaspiscinas.pt\/index.php\/wp-json\/wp\/v2\/product"}],"about":[{"href":"https:\/\/rotinaspiscinas.pt\/index.php\/wp-json\/wp\/v2\/types\/product"}],"wp:featuredmedia":[{"embeddable":true,"href":"https:\/\/rotinaspiscinas.pt\/index.php\/wp-json\/wp\/v2\/media\/951"}],"wp:attachment":[{"href":"https:\/\/rotinaspiscinas.pt\/index.php\/wp-json\/wp\/v2\/media?parent=949"}],"curies":[{"name":"wp","href":"https:\/\/api.w.org\/{rel}","templated":true}]}}