{"id":980,"date":"2021-03-14T14:24:41","date_gmt":"2021-03-14T14:24:41","guid":{"rendered":"https:\/\/rotinaspiscinas.pt\/?post_type=product&#038;p=980"},"modified":"2021-03-14T14:24:41","modified_gmt":"2021-03-14T14:24:41","slug":"contra-corrente-jet-vag","status":"publish","type":"product","link":"https:\/\/rotinaspiscinas.pt\/index.php\/product\/contra-corrente-jet-vag\/","title":{"rendered":"Contra-corrente JET VAG"},"content":{"rendered":"<p>O mesmo kit de encastrar pode ser utilizado em qualquer tipo de piscina.<\/p>\n<ul>\n<li>Bomba de 2CV monof\u00e1sica, caudal 60m3\/h e bomba 4CV trif\u00e1sica, caudal 80 m3\/h, respetivamente.<\/li>\n<li>Quadro el\u00e9trico de controlo pneum\u00e1tico e prote\u00e7\u00e3o motor.<\/li>\n<li>Painel frontal com bot\u00e3o pneum\u00e1tico on\/off, sa\u00edda direcion\u00e1vel e regula\u00e7\u00e3o de ar\/\u00e1gua.<\/li>\n<li>Para encomenda de contra-corrente completo, junte a refer\u00eancia 0047 \u00e0 do conjunto bomba pretendido.<\/li>\n<li>Para instala\u00e7\u00f5es com aspira\u00e7\u00e3o at\u00e9 um metro. Consulte-nos para dist\u00e2ncias maiores.<\/li>\n<\/ul>\n","protected":false},"excerpt":{"rendered":"<p>O mesmo kit de encastrar pode ser utilizado em qualquer [&hellip;]<\/p>\n","protected":false},"featured_media":985,"template":"","meta":[],"_links":{"self":[{"href":"https:\/\/rotinaspiscinas.pt\/index.php\/wp-json\/wp\/v2\/product\/980"}],"collection":[{"href":"https:\/\/rotinaspiscinas.pt\/index.php\/wp-json\/wp\/v2\/product"}],"about":[{"href":"https:\/\/rotinaspiscinas.pt\/index.php\/wp-json\/wp\/v2\/types\/product"}],"wp:featuredmedia":[{"embeddable":true,"href":"https:\/\/rotinaspiscinas.pt\/index.php\/wp-json\/wp\/v2\/media\/985"}],"wp:attachment":[{"href":"https:\/\/rotinaspiscinas.pt\/index.php\/wp-json\/wp\/v2\/media?parent=980"}],"curies":[{"name":"wp","href":"https:\/\/api.w.org\/{rel}","templated":true}]}}